{"id":780,"date":"2018-10-21T13:34:51","date_gmt":"2018-10-21T13:34:51","guid":{"rendered":"http:\/\/havkajaknatur.dk\/?page_id=780"},"modified":"2024-01-08T21:53:48","modified_gmt":"2024-01-08T21:53:48","slug":"hesseloe","status":"publish","type":"page","link":"https:\/\/havkajaknatur.dk\/?page_id=780","title":{"rendered":"Hessel\u00f8"},"content":{"rendered":"\n<p class=\"has-text-align-right has-small-font-size\">Hessel\u00f8 nordvestspids<\/p>\n\n\n\n<p>Hessel\u00f8 er nok det mest isolerede sted i Danmark. Men den har alligevel noget af en historie. Lige fra at v\u00e6re hjemsted for en pirat, til en herremands sommersted med eksotiske dyr og planter. Hvis man vil l\u00e6se mere om Hessel\u00f8 fra en helt anden tid, kan bogen &#8220;HERREMANDEN En adelig families storhed og fald&#8221; varmt anbefales. Ulla og jeg var f\u00f8rste gang p\u00e5 \u00f8en i 1972 og flere gange frem til 1983, alle gange kom vi derud i sejlb\u00e5d. Senere har jeg roet der ud og tilbage 4 gange i kajak, i 2003, 2010, 2012 og 2019 med forskellige ledsagere.<\/p>\n\n\n\n<p class=\"has-text-align-center has-medium-font-size\"><strong>1980<\/strong><\/p>\n\n\n\n<p>Ulla havde aftalt med Grete og Hans (forpagterpar) at vi kom ud og m\u00e5tte g\u00e5 rundt p\u00e5 \u00f8en. Mens vi var der, var kutteren Tonny med forsyninger, mest tunge ting, da de ogs\u00e5 fl\u00f8j fast til \u00f8en dengang. FL. Smith ejede \u00f8en, og der var fast forpagterpar p\u00e5 g\u00e5rden, og om sommeren ferieg\u00e6ster fra FL Smith. Herremandens jagthytte med det originale gr\u00e6stag, er tegnet af Martin Nyrup som ogs\u00e5 har tegnet K\u00f8benhavns R\u00e5dhus.<\/p>\n\n\n\n<figure class=\"wp-block-gallery has-nested-images columns-1 is-cropped wp-block-gallery-1 is-layout-flex wp-block-gallery-is-layout-flex\">\n<figure class=\"wp-block-image size-large is-style-default\"><a href=\"https:\/\/havkajaknatur.dk\/wp-content\/uploads\/2018\/10\/Tejsten015.jpg\"><img loading=\"lazy\" decoding=\"async\" width=\"1024\" height=\"664\" data-id=\"811\" src=\"https:\/\/havkajaknatur.dk\/wp-content\/uploads\/2018\/10\/Tejsten015-1024x664.jpg\" alt=\"\" class=\"wp-image-811\" srcset=\"https:\/\/havkajaknatur.dk\/wp-content\/uploads\/2018\/10\/Tejsten015-1024x664.jpg 1024w, https:\/\/havkajaknatur.dk\/wp-content\/uploads\/2018\/10\/Tejsten015-300x195.jpg 300w, https:\/\/havkajaknatur.dk\/wp-content\/uploads\/2018\/10\/Tejsten015-768x498.jpg 768w\" sizes=\"auto, (max-width: 706px) 89vw, (max-width: 767px) 82vw, 740px\" \/><\/a><figcaption class=\"wp-element-caption\">B\u00e5den &#8220;Tejsten&#8221; og Hessel\u00f8 1980<\/figcaption><\/figure>\n\n\n\n<figure class=\"wp-block-image size-large is-style-default\"><a href=\"https:\/\/havkajaknatur.dk\/wp-content\/uploads\/2018\/10\/Tejsten412.jpg\"><img loading=\"lazy\" decoding=\"async\" width=\"1024\" height=\"675\" data-id=\"815\" src=\"https:\/\/havkajaknatur.dk\/wp-content\/uploads\/2018\/10\/Tejsten412-1024x675.jpg\" alt=\"\" class=\"wp-image-815\" srcset=\"https:\/\/havkajaknatur.dk\/wp-content\/uploads\/2018\/10\/Tejsten412-1024x675.jpg 1024w, https:\/\/havkajaknatur.dk\/wp-content\/uploads\/2018\/10\/Tejsten412-300x198.jpg 300w, https:\/\/havkajaknatur.dk\/wp-content\/uploads\/2018\/10\/Tejsten412-768x507.jpg 768w\" sizes=\"auto, (max-width: 706px) 89vw, (max-width: 767px) 82vw, 740px\" \/><\/a><\/figure>\n\n\n\n<figure class=\"wp-block-image size-large is-style-default\"><a href=\"https:\/\/havkajaknatur.dk\/wp-content\/uploads\/2018\/10\/Tejsten410.jpg\"><img loading=\"lazy\" decoding=\"async\" width=\"1024\" height=\"682\" data-id=\"813\" src=\"https:\/\/havkajaknatur.dk\/wp-content\/uploads\/2018\/10\/Tejsten410-1024x682.jpg\" alt=\"\" class=\"wp-image-813\" srcset=\"https:\/\/havkajaknatur.dk\/wp-content\/uploads\/2018\/10\/Tejsten410-1024x682.jpg 1024w, https:\/\/havkajaknatur.dk\/wp-content\/uploads\/2018\/10\/Tejsten410-300x200.jpg 300w, https:\/\/havkajaknatur.dk\/wp-content\/uploads\/2018\/10\/Tejsten410-768x511.jpg 768w\" sizes=\"auto, (max-width: 706px) 89vw, (max-width: 767px) 82vw, 740px\" \/><\/a><\/figure>\n\n\n\n<figure class=\"wp-block-image size-large is-style-default\"><a href=\"https:\/\/havkajaknatur.dk\/wp-content\/uploads\/2018\/10\/Tejsten413.jpg\"><img loading=\"lazy\" decoding=\"async\" width=\"1024\" height=\"679\" data-id=\"816\" src=\"https:\/\/havkajaknatur.dk\/wp-content\/uploads\/2018\/10\/Tejsten413-1024x679.jpg\" alt=\"\" class=\"wp-image-816\" srcset=\"https:\/\/havkajaknatur.dk\/wp-content\/uploads\/2018\/10\/Tejsten413-1024x679.jpg 1024w, https:\/\/havkajaknatur.dk\/wp-content\/uploads\/2018\/10\/Tejsten413-300x199.jpg 300w, https:\/\/havkajaknatur.dk\/wp-content\/uploads\/2018\/10\/Tejsten413-768x509.jpg 768w\" sizes=\"auto, (max-width: 706px) 89vw, (max-width: 767px) 82vw, 740px\" \/><\/a><figcaption class=\"wp-element-caption\">Kutter Tonny<\/figcaption><\/figure>\n\n\n\n<figure class=\"wp-block-image size-large is-style-default\"><a href=\"https:\/\/havkajaknatur.dk\/wp-content\/uploads\/2018\/10\/Tejsten403.jpg\"><img loading=\"lazy\" decoding=\"async\" width=\"1024\" height=\"679\" data-id=\"812\" src=\"https:\/\/havkajaknatur.dk\/wp-content\/uploads\/2018\/10\/Tejsten403-1024x679.jpg\" alt=\"\" class=\"wp-image-812\" srcset=\"https:\/\/havkajaknatur.dk\/wp-content\/uploads\/2018\/10\/Tejsten403-1024x679.jpg 1024w, https:\/\/havkajaknatur.dk\/wp-content\/uploads\/2018\/10\/Tejsten403-300x199.jpg 300w, https:\/\/havkajaknatur.dk\/wp-content\/uploads\/2018\/10\/Tejsten403-768x509.jpg 768w\" sizes=\"auto, (max-width: 706px) 89vw, (max-width: 767px) 82vw, 740px\" \/><\/a><figcaption class=\"wp-element-caption\">Jagthytten opf\u00f8rt af Herremanden Emil von Holstein-Rathlou<\/figcaption><\/figure>\n<\/figure>\n\n\n\n<p class=\"has-text-align-center has-medium-font-size\"><strong>2003<\/strong><\/p>\n\n\n\n<p>2003&nbsp;er f\u00f8rste gang jeg ror ud til \u00f8en. P\u00e5 denne tur overnattede vi p\u00e5 stranden, og roede hjem n\u00e6ste dag. Hessel\u00f8 har f\u00e5et ny ejer, og p\u00e5 dette tidspunkt er der en opsynsmand p\u00e5 \u00f8en. Han er ikke begejstret for vores ankomst, og s\u00e5 helst at vi roede tilbage igen, det gjorde vi s\u00e5 ikke. Man m\u00e5 gerne opholde sig i op til et d\u00f8gn p\u00e5 stranden. Men m\u00e5 ikke g\u00e5 ind p\u00e5 \u00f8en, det fik vi s\u00e5 heller ikke lov til. Vi gik \u00f8en rundt langs stranden. Deltagere: Benny, mig selv + nogen fra Frederiksv\u00e6rk Ro &amp; Kajakklub.<\/p>\n\n\n\n<figure class=\"wp-block-gallery has-nested-images columns-1 is-cropped wp-block-gallery-2 is-layout-flex wp-block-gallery-is-layout-flex\">\n<figure class=\"wp-block-image size-large is-style-default\"><a href=\"https:\/\/havkajaknatur.dk\/wp-content\/uploads\/2018\/10\/03Kajak008.jpg\"><img loading=\"lazy\" decoding=\"async\" width=\"1024\" height=\"810\" data-id=\"784\" src=\"https:\/\/havkajaknatur.dk\/wp-content\/uploads\/2018\/10\/03Kajak008-1024x810.jpg\" alt=\"\" class=\"wp-image-784\" srcset=\"https:\/\/havkajaknatur.dk\/wp-content\/uploads\/2018\/10\/03Kajak008-1024x810.jpg 1024w, https:\/\/havkajaknatur.dk\/wp-content\/uploads\/2018\/10\/03Kajak008-300x237.jpg 300w, https:\/\/havkajaknatur.dk\/wp-content\/uploads\/2018\/10\/03Kajak008-768x608.jpg 768w, https:\/\/havkajaknatur.dk\/wp-content\/uploads\/2018\/10\/03Kajak008.jpg 1685w\" sizes=\"auto, (max-width: 706px) 89vw, (max-width: 767px) 82vw, 740px\" \/><\/a><figcaption class=\"wp-element-caption\">Sen ankomst til \u00f8en 2003<\/figcaption><\/figure>\n\n\n\n<figure class=\"wp-block-image size-large is-style-default\"><a href=\"https:\/\/havkajaknatur.dk\/wp-content\/uploads\/2018\/10\/03Kajak011.jpg\"><img loading=\"lazy\" decoding=\"async\" width=\"1024\" height=\"818\" data-id=\"785\" src=\"https:\/\/havkajaknatur.dk\/wp-content\/uploads\/2018\/10\/03Kajak011-1024x818.jpg\" alt=\"\" class=\"wp-image-785\" srcset=\"https:\/\/havkajaknatur.dk\/wp-content\/uploads\/2018\/10\/03Kajak011-1024x818.jpg 1024w, https:\/\/havkajaknatur.dk\/wp-content\/uploads\/2018\/10\/03Kajak011-300x240.jpg 300w, https:\/\/havkajaknatur.dk\/wp-content\/uploads\/2018\/10\/03Kajak011-768x614.jpg 768w, https:\/\/havkajaknatur.dk\/wp-content\/uploads\/2018\/10\/03Kajak011.jpg 1712w\" sizes=\"auto, (max-width: 706px) 89vw, (max-width: 767px) 82vw, 740px\" \/><\/a><figcaption class=\"wp-element-caption\">Vi overnattede p\u00e5 \u00f8en denne gang<\/figcaption><\/figure>\n\n\n\n<figure class=\"wp-block-image size-large is-style-default\"><a href=\"https:\/\/havkajaknatur.dk\/wp-content\/uploads\/2018\/10\/03Kajak018.jpg\"><img loading=\"lazy\" decoding=\"async\" width=\"1024\" height=\"818\" data-id=\"787\" src=\"https:\/\/havkajaknatur.dk\/wp-content\/uploads\/2018\/10\/03Kajak018-1024x818.jpg\" alt=\"\" class=\"wp-image-787\" srcset=\"https:\/\/havkajaknatur.dk\/wp-content\/uploads\/2018\/10\/03Kajak018-1024x818.jpg 1024w, https:\/\/havkajaknatur.dk\/wp-content\/uploads\/2018\/10\/03Kajak018-300x240.jpg 300w, https:\/\/havkajaknatur.dk\/wp-content\/uploads\/2018\/10\/03Kajak018-768x614.jpg 768w, https:\/\/havkajaknatur.dk\/wp-content\/uploads\/2018\/10\/03Kajak018.jpg 1712w\" sizes=\"auto, (max-width: 706px) 89vw, (max-width: 767px) 82vw, 740px\" \/><\/a><figcaption class=\"wp-element-caption\">D\u00e5dyr<\/figcaption><\/figure>\n\n\n\n<figure class=\"wp-block-image size-large is-style-default\"><a href=\"https:\/\/havkajaknatur.dk\/wp-content\/uploads\/2018\/10\/03Kajak020.jpg\"><img loading=\"lazy\" decoding=\"async\" width=\"1024\" height=\"818\" data-id=\"788\" src=\"https:\/\/havkajaknatur.dk\/wp-content\/uploads\/2018\/10\/03Kajak020-1024x818.jpg\" alt=\"\" class=\"wp-image-788\" srcset=\"https:\/\/havkajaknatur.dk\/wp-content\/uploads\/2018\/10\/03Kajak020-1024x818.jpg 1024w, https:\/\/havkajaknatur.dk\/wp-content\/uploads\/2018\/10\/03Kajak020-300x240.jpg 300w, https:\/\/havkajaknatur.dk\/wp-content\/uploads\/2018\/10\/03Kajak020-768x614.jpg 768w, https:\/\/havkajaknatur.dk\/wp-content\/uploads\/2018\/10\/03Kajak020.jpg 1712w\" sizes=\"auto, (max-width: 706px) 89vw, (max-width: 767px) 82vw, 740px\" \/><\/a><figcaption class=\"wp-element-caption\">Ederfugl<\/figcaption><\/figure>\n\n\n\n<figure class=\"wp-block-image size-large is-style-default\"><a href=\"https:\/\/havkajaknatur.dk\/wp-content\/uploads\/2018\/10\/03Kajak014.jpg\"><img loading=\"lazy\" decoding=\"async\" width=\"1024\" height=\"818\" data-id=\"786\" src=\"https:\/\/havkajaknatur.dk\/wp-content\/uploads\/2018\/10\/03Kajak014-1024x818.jpg\" alt=\"\" class=\"wp-image-786\" srcset=\"https:\/\/havkajaknatur.dk\/wp-content\/uploads\/2018\/10\/03Kajak014-1024x818.jpg 1024w, https:\/\/havkajaknatur.dk\/wp-content\/uploads\/2018\/10\/03Kajak014-300x240.jpg 300w, https:\/\/havkajaknatur.dk\/wp-content\/uploads\/2018\/10\/03Kajak014-768x614.jpg 768w, https:\/\/havkajaknatur.dk\/wp-content\/uploads\/2018\/10\/03Kajak014.jpg 1712w\" sizes=\"auto, (max-width: 706px) 89vw, (max-width: 767px) 82vw, 740px\" \/><\/a><\/figure>\n\n\n\n<figure class=\"wp-block-image size-large is-style-default\"><a href=\"https:\/\/havkajaknatur.dk\/wp-content\/uploads\/2018\/10\/03Kajak024.jpg\"><img loading=\"lazy\" decoding=\"async\" width=\"1024\" height=\"807\" data-id=\"789\" src=\"https:\/\/havkajaknatur.dk\/wp-content\/uploads\/2018\/10\/03Kajak024-1024x807.jpg\" alt=\"\" class=\"wp-image-789\" srcset=\"https:\/\/havkajaknatur.dk\/wp-content\/uploads\/2018\/10\/03Kajak024-1024x807.jpg 1024w, https:\/\/havkajaknatur.dk\/wp-content\/uploads\/2018\/10\/03Kajak024-300x237.jpg 300w, https:\/\/havkajaknatur.dk\/wp-content\/uploads\/2018\/10\/03Kajak024-768x605.jpg 768w, https:\/\/havkajaknatur.dk\/wp-content\/uploads\/2018\/10\/03Kajak024.jpg 1673w\" sizes=\"auto, (max-width: 706px) 89vw, (max-width: 767px) 82vw, 740px\" \/><\/a><figcaption class=\"wp-element-caption\">Afsked med \u00f8en<\/figcaption><\/figure>\n<\/figure>\n\n\n\n<p class=\"has-text-align-center has-medium-font-size\"><strong>2010<\/strong><\/p>\n\n\n\n<p>En endagstur fra solopgang til solnedgang. Fyret blev renoveret af et par polakker. Vi pr\u00f8vede at g\u00f8re os forst\u00e5elig overfor dem, om vi m\u00e5tte kikke op i fyret. Vi forstod det s\u00e5dan, at det havde de ikke noget i mod. S\u00e5 vi fik set \u00f8en lidt oppe fra. Jagthytten havde f\u00e5et nyt tag, det oprindelige gr\u00e6stag var erstattet med tagpap. D\u00e5dyrene er der stadigv\u00e6k, som de ogs\u00e5 var i 1980. Der er rigtig mange Tejste og Sildem\u00e5ger. Deltagere: Bodil, J\u00f8rgen og mig selv.<\/p>\n\n\n\n<p class=\"has-text-align-center has-medium-font-size\">Se mere om Hessel\u00f8 p\u00e5 siderne :   <strong><a href=\"https:\/\/havkajaknatur.dk\/?page_id=3068\">2012 Hessel\u00f8 Rundt<\/a> <\/strong>  <a href=\"https:\/\/havkajaknatur.dk\/?page_id=3438\"><strong>2019 Hessel\u00f8 Rundt<\/strong><\/a><\/p>\n\n\n\n<figure class=\"wp-block-gallery has-nested-images columns-1 is-cropped wp-block-gallery-3 is-layout-flex wp-block-gallery-is-layout-flex\">\n<figure class=\"wp-block-image size-large is-style-default\"><a href=\"https:\/\/havkajaknatur.dk\/wp-content\/uploads\/2018\/10\/10Kajak066.jpg\"><img loading=\"lazy\" decoding=\"async\" width=\"1024\" height=\"768\" data-id=\"790\" src=\"https:\/\/havkajaknatur.dk\/wp-content\/uploads\/2018\/10\/10Kajak066-1024x768.jpg\" alt=\"\" class=\"wp-image-790\" srcset=\"https:\/\/havkajaknatur.dk\/wp-content\/uploads\/2018\/10\/10Kajak066-1024x768.jpg 1024w, https:\/\/havkajaknatur.dk\/wp-content\/uploads\/2018\/10\/10Kajak066-300x225.jpg 300w, https:\/\/havkajaknatur.dk\/wp-content\/uploads\/2018\/10\/10Kajak066-768x576.jpg 768w\" sizes=\"auto, (max-width: 706px) 89vw, (max-width: 767px) 82vw, 740px\" \/><\/a><figcaption class=\"wp-element-caption\">2010 Ankomst syd\u00f8st spidsen<\/figcaption><\/figure>\n\n\n\n<figure class=\"wp-block-image size-large is-style-default\"><a href=\"https:\/\/havkajaknatur.dk\/wp-content\/uploads\/2018\/10\/10Kajak069.jpg\"><img loading=\"lazy\" decoding=\"async\" width=\"1024\" height=\"745\" data-id=\"791\" src=\"https:\/\/havkajaknatur.dk\/wp-content\/uploads\/2018\/10\/10Kajak069-1024x745.jpg\" alt=\"\" class=\"wp-image-791\" srcset=\"https:\/\/havkajaknatur.dk\/wp-content\/uploads\/2018\/10\/10Kajak069-1024x745.jpg 1024w, https:\/\/havkajaknatur.dk\/wp-content\/uploads\/2018\/10\/10Kajak069-300x218.jpg 300w, https:\/\/havkajaknatur.dk\/wp-content\/uploads\/2018\/10\/10Kajak069-768x559.jpg 768w\" sizes=\"auto, (max-width: 706px) 89vw, (max-width: 767px) 82vw, 740px\" \/><\/a><\/figure>\n\n\n\n<figure class=\"wp-block-image size-large is-style-default\"><a href=\"https:\/\/havkajaknatur.dk\/wp-content\/uploads\/2018\/10\/10Kajak071.jpg\"><img loading=\"lazy\" decoding=\"async\" width=\"1024\" height=\"768\" data-id=\"792\" src=\"https:\/\/havkajaknatur.dk\/wp-content\/uploads\/2018\/10\/10Kajak071-1024x768.jpg\" alt=\"\" class=\"wp-image-792\" srcset=\"https:\/\/havkajaknatur.dk\/wp-content\/uploads\/2018\/10\/10Kajak071-1024x768.jpg 1024w, https:\/\/havkajaknatur.dk\/wp-content\/uploads\/2018\/10\/10Kajak071-300x225.jpg 300w, https:\/\/havkajaknatur.dk\/wp-content\/uploads\/2018\/10\/10Kajak071-768x576.jpg 768w\" sizes=\"auto, (max-width: 706px) 89vw, (max-width: 767px) 82vw, 740px\" \/><\/a><\/figure>\n\n\n\n<figure class=\"wp-block-image size-large is-style-default\"><a href=\"https:\/\/havkajaknatur.dk\/wp-content\/uploads\/2018\/10\/10Kajak072.jpg\"><img loading=\"lazy\" decoding=\"async\" width=\"1024\" height=\"768\" data-id=\"793\" src=\"https:\/\/havkajaknatur.dk\/wp-content\/uploads\/2018\/10\/10Kajak072-1024x768.jpg\" alt=\"\" class=\"wp-image-793\" srcset=\"https:\/\/havkajaknatur.dk\/wp-content\/uploads\/2018\/10\/10Kajak072-1024x768.jpg 1024w, https:\/\/havkajaknatur.dk\/wp-content\/uploads\/2018\/10\/10Kajak072-300x225.jpg 300w, https:\/\/havkajaknatur.dk\/wp-content\/uploads\/2018\/10\/10Kajak072-768x576.jpg 768w\" sizes=\"auto, (max-width: 706px) 89vw, (max-width: 767px) 82vw, 740px\" \/><\/a><figcaption class=\"wp-element-caption\">Mod \u00f8st<\/figcaption><\/figure>\n\n\n\n<figure class=\"wp-block-image size-large is-style-default\"><a href=\"https:\/\/havkajaknatur.dk\/wp-content\/uploads\/2018\/10\/10Kajak073.jpg\"><img loading=\"lazy\" decoding=\"async\" width=\"1024\" height=\"768\" data-id=\"794\" src=\"https:\/\/havkajaknatur.dk\/wp-content\/uploads\/2018\/10\/10Kajak073-1024x768.jpg\" alt=\"\" class=\"wp-image-794\" srcset=\"https:\/\/havkajaknatur.dk\/wp-content\/uploads\/2018\/10\/10Kajak073-1024x768.jpg 1024w, https:\/\/havkajaknatur.dk\/wp-content\/uploads\/2018\/10\/10Kajak073-300x225.jpg 300w, https:\/\/havkajaknatur.dk\/wp-content\/uploads\/2018\/10\/10Kajak073-768x576.jpg 768w\" sizes=\"auto, (max-width: 706px) 89vw, (max-width: 767px) 82vw, 740px\" \/><\/a><figcaption class=\"wp-element-caption\">Mod vest<\/figcaption><\/figure>\n\n\n\n<figure class=\"wp-block-image size-large is-style-default\"><a href=\"https:\/\/havkajaknatur.dk\/wp-content\/uploads\/2018\/10\/10Kajak074.jpg\"><img loading=\"lazy\" decoding=\"async\" width=\"1024\" height=\"768\" data-id=\"795\" src=\"https:\/\/havkajaknatur.dk\/wp-content\/uploads\/2018\/10\/10Kajak074-1024x768.jpg\" alt=\"\" class=\"wp-image-795\" srcset=\"https:\/\/havkajaknatur.dk\/wp-content\/uploads\/2018\/10\/10Kajak074-1024x768.jpg 1024w, https:\/\/havkajaknatur.dk\/wp-content\/uploads\/2018\/10\/10Kajak074-300x225.jpg 300w, https:\/\/havkajaknatur.dk\/wp-content\/uploads\/2018\/10\/10Kajak074-768x576.jpg 768w\" sizes=\"auto, (max-width: 706px) 89vw, (max-width: 767px) 82vw, 740px\" \/><\/a><figcaption class=\"wp-element-caption\">Mod syd\u00f8st<\/figcaption><\/figure>\n\n\n\n<figure class=\"wp-block-image size-large is-style-default\"><a href=\"https:\/\/havkajaknatur.dk\/wp-content\/uploads\/2018\/10\/10Kajak077.jpg\"><img loading=\"lazy\" decoding=\"async\" width=\"1024\" height=\"768\" data-id=\"796\" src=\"https:\/\/havkajaknatur.dk\/wp-content\/uploads\/2018\/10\/10Kajak077-1024x768.jpg\" alt=\"\" class=\"wp-image-796\" srcset=\"https:\/\/havkajaknatur.dk\/wp-content\/uploads\/2018\/10\/10Kajak077-1024x768.jpg 1024w, https:\/\/havkajaknatur.dk\/wp-content\/uploads\/2018\/10\/10Kajak077-300x225.jpg 300w, https:\/\/havkajaknatur.dk\/wp-content\/uploads\/2018\/10\/10Kajak077-768x576.jpg 768w\" sizes=\"auto, (max-width: 706px) 89vw, (max-width: 767px) 82vw, 740px\" \/><\/a><figcaption class=\"wp-element-caption\">D\u00e5dyr<\/figcaption><\/figure>\n\n\n\n<figure class=\"wp-block-image size-large is-style-default\"><a href=\"https:\/\/havkajaknatur.dk\/wp-content\/uploads\/2018\/10\/10Kajak079.jpg\"><img loading=\"lazy\" decoding=\"async\" width=\"1024\" height=\"768\" data-id=\"797\" src=\"https:\/\/havkajaknatur.dk\/wp-content\/uploads\/2018\/10\/10Kajak079-1024x768.jpg\" alt=\"\" class=\"wp-image-797\" srcset=\"https:\/\/havkajaknatur.dk\/wp-content\/uploads\/2018\/10\/10Kajak079-1024x768.jpg 1024w, https:\/\/havkajaknatur.dk\/wp-content\/uploads\/2018\/10\/10Kajak079-300x225.jpg 300w, https:\/\/havkajaknatur.dk\/wp-content\/uploads\/2018\/10\/10Kajak079-768x576.jpg 768w\" sizes=\"auto, (max-width: 706px) 89vw, (max-width: 767px) 82vw, 740px\" \/><\/a><figcaption class=\"wp-element-caption\">Jagthytten<\/figcaption><\/figure>\n\n\n\n<figure class=\"wp-block-image size-large is-style-default\"><a href=\"https:\/\/havkajaknatur.dk\/wp-content\/uploads\/2018\/10\/10Kajak080.jpg\"><img loading=\"lazy\" decoding=\"async\" width=\"1024\" height=\"768\" data-id=\"798\" src=\"https:\/\/havkajaknatur.dk\/wp-content\/uploads\/2018\/10\/10Kajak080-1024x768.jpg\" alt=\"\" class=\"wp-image-798\" srcset=\"https:\/\/havkajaknatur.dk\/wp-content\/uploads\/2018\/10\/10Kajak080-1024x768.jpg 1024w, https:\/\/havkajaknatur.dk\/wp-content\/uploads\/2018\/10\/10Kajak080-300x225.jpg 300w, https:\/\/havkajaknatur.dk\/wp-content\/uploads\/2018\/10\/10Kajak080-768x576.jpg 768w\" sizes=\"auto, (max-width: 706px) 89vw, (max-width: 767px) 82vw, 740px\" \/><\/a><figcaption class=\"wp-element-caption\">Jagthytten nu med tagpap tag<\/figcaption><\/figure>\n\n\n\n<figure class=\"wp-block-image size-large is-style-default\"><a href=\"https:\/\/havkajaknatur.dk\/wp-content\/uploads\/2018\/10\/10Kajak086.jpg\"><img loading=\"lazy\" decoding=\"async\" width=\"1024\" height=\"768\" data-id=\"799\" src=\"https:\/\/havkajaknatur.dk\/wp-content\/uploads\/2018\/10\/10Kajak086-1024x768.jpg\" alt=\"\" class=\"wp-image-799\" srcset=\"https:\/\/havkajaknatur.dk\/wp-content\/uploads\/2018\/10\/10Kajak086-1024x768.jpg 1024w, https:\/\/havkajaknatur.dk\/wp-content\/uploads\/2018\/10\/10Kajak086-300x225.jpg 300w, https:\/\/havkajaknatur.dk\/wp-content\/uploads\/2018\/10\/10Kajak086-768x576.jpg 768w\" sizes=\"auto, (max-width: 706px) 89vw, (max-width: 767px) 82vw, 740px\" \/><\/a><\/figure>\n\n\n\n<figure class=\"wp-block-image size-large is-style-default\"><a href=\"https:\/\/havkajaknatur.dk\/wp-content\/uploads\/2019\/02\/13Anholt022-1.jpg\"><img loading=\"lazy\" decoding=\"async\" width=\"1024\" height=\"447\" data-id=\"2678\" src=\"https:\/\/havkajaknatur.dk\/wp-content\/uploads\/2019\/02\/13Anholt022-1-1024x447.jpg\" alt=\"\" class=\"wp-image-2678\" srcset=\"https:\/\/havkajaknatur.dk\/wp-content\/uploads\/2019\/02\/13Anholt022-1-1024x447.jpg 1024w, https:\/\/havkajaknatur.dk\/wp-content\/uploads\/2019\/02\/13Anholt022-1-300x131.jpg 300w, https:\/\/havkajaknatur.dk\/wp-content\/uploads\/2019\/02\/13Anholt022-1-768x335.jpg 768w\" sizes=\"auto, (max-width: 706px) 89vw, (max-width: 767px) 82vw, 740px\" \/><\/a><figcaption class=\"wp-element-caption\"><strong>Hessel\u00f8 med nordvest revet fotograferet p\u00e5 vej til Anholt i 2013\ufeff<\/strong><\/figcaption><\/figure>\n<\/figure>\n\n\n\n<p class=\"has-text-align-center has-medium-font-size\">Originalt GPS spor kajaktur 2010<\/p>\n\n\n\n<figure class=\"wp-block-image size-large is-style-default\"><a href=\"https:\/\/havkajaknatur.dk\/wp-content\/uploads\/2021\/12\/2010-Hesseloe-GPS-spor.jpg\"><img loading=\"lazy\" decoding=\"async\" width=\"761\" height=\"1024\" src=\"https:\/\/havkajaknatur.dk\/wp-content\/uploads\/2021\/12\/2010-Hesseloe-GPS-spor-761x1024.jpg\" alt=\"\" class=\"wp-image-4213\" srcset=\"https:\/\/havkajaknatur.dk\/wp-content\/uploads\/2021\/12\/2010-Hesseloe-GPS-spor-761x1024.jpg 761w, https:\/\/havkajaknatur.dk\/wp-content\/uploads\/2021\/12\/2010-Hesseloe-GPS-spor-223x300.jpg 223w, https:\/\/havkajaknatur.dk\/wp-content\/uploads\/2021\/12\/2010-Hesseloe-GPS-spor-768x1034.jpg 768w, https:\/\/havkajaknatur.dk\/wp-content\/uploads\/2021\/12\/2010-Hesseloe-GPS-spor-1141x1536.jpg 1141w, https:\/\/havkajaknatur.dk\/wp-content\/uploads\/2021\/12\/2010-Hesseloe-GPS-spor.jpg 1361w\" sizes=\"auto, (max-width: 706px) 89vw, (max-width: 767px) 82vw, 740px\" \/><\/a><\/figure>\n","protected":false},"excerpt":{"rendered":"<p>Hessel\u00f8 nordvestspids Hessel\u00f8 er nok det mest isolerede sted i Danmark. Men den har alligevel noget af en historie. Lige fra at v\u00e6re hjemsted for en pirat, til en herremands sommersted med eksotiske dyr og planter. Hvis man vil l\u00e6se mere om Hessel\u00f8 fra en helt anden tid, kan bogen &#8220;HERREMANDEN En adelig families storhed &hellip; <\/p>\n<p class=\"link-more\"><a href=\"https:\/\/havkajaknatur.dk\/?page_id=780\" class=\"more-link\">L\u00e6s videre<span class=\"screen-reader-text\"> &#8220;Hessel\u00f8&#8221;<\/span><\/a><\/p>\n","protected":false},"author":1,"featured_media":3086,"parent":0,"menu_order":0,"comment_status":"closed","ping_status":"closed","template":"","meta":{"footnotes":""},"class_list":["post-780","page","type-page","status-publish","has-post-thumbnail","hentry"],"_links":{"self":[{"href":"https:\/\/havkajaknatur.dk\/index.php?rest_route=\/wp\/v2\/pages\/780","targetHints":{"allow":["GET"]}}],"collection":[{"href":"https:\/\/havkajaknatur.dk\/index.php?rest_route=\/wp\/v2\/pages"}],"about":[{"href":"https:\/\/havkajaknatur.dk\/index.php?rest_route=\/wp\/v2\/types\/page"}],"author":[{"embeddable":true,"href":"https:\/\/havkajaknatur.dk\/index.php?rest_route=\/wp\/v2\/users\/1"}],"replies":[{"embeddable":true,"href":"https:\/\/havkajaknatur.dk\/index.php?rest_route=%2Fwp%2Fv2%2Fcomments&post=780"}],"version-history":[{"count":51,"href":"https:\/\/havkajaknatur.dk\/index.php?rest_route=\/wp\/v2\/pages\/780\/revisions"}],"predecessor-version":[{"id":4779,"href":"https:\/\/havkajaknatur.dk\/index.php?rest_route=\/wp\/v2\/pages\/780\/revisions\/4779"}],"wp:featuredmedia":[{"embeddable":true,"href":"https:\/\/havkajaknatur.dk\/index.php?rest_route=\/wp\/v2\/media\/3086"}],"wp:attachment":[{"href":"https:\/\/havkajaknatur.dk\/index.php?rest_route=%2Fwp%2Fv2%2Fmedia&parent=780"}],"curies":[{"name":"wp","href":"https:\/\/api.w.org\/{rel}","templated":true}]}}