{"id":762,"date":"2018-10-21T13:09:46","date_gmt":"2018-10-21T13:09:46","guid":{"rendered":"http:\/\/havkajaknatur.dk\/?page_id=762"},"modified":"2021-12-14T15:21:12","modified_gmt":"2021-12-14T15:21:12","slug":"1976-naturoplevelser","status":"publish","type":"page","link":"https:\/\/havkajaknatur.dk\/?page_id=762","title":{"rendered":"Mine f\u00f8rste fuglebilleder"},"content":{"rendered":"\n<p class=\"has-text-align-right has-small-font-size\">Bl\u00e5mejse<\/p>\n\n\n\n<p class=\"has-text-align-center\">Her et par af mine f\u00f8rste billeder af fugle fra 1975 &#8211; 76. Olympus OM-1 med en 300 mm f.4 Olympus linse<\/p>\n\n\n\n<figure class=\"wp-block-gallery columns-1 is-cropped wp-block-gallery-1 is-layout-flex wp-block-gallery-is-layout-flex\"><ul class=\"blocks-gallery-grid\"><li class=\"blocks-gallery-item\"><figure><a href=\"https:\/\/havkajaknatur.dk\/wp-content\/uploads\/2018\/10\/75-79Fugle16.jpg\"><img loading=\"lazy\" decoding=\"async\" width=\"4608\" height=\"3456\" src=\"https:\/\/havkajaknatur.dk\/wp-content\/uploads\/2018\/10\/75-79Fugle16.jpg\" alt=\"\" data-id=\"768\" data-link=\"https:\/\/havkajaknatur.dk\/?attachment_id=768\" class=\"wp-image-768\" srcset=\"https:\/\/havkajaknatur.dk\/wp-content\/uploads\/2018\/10\/75-79Fugle16.jpg 4608w, https:\/\/havkajaknatur.dk\/wp-content\/uploads\/2018\/10\/75-79Fugle16-300x225.jpg 300w, https:\/\/havkajaknatur.dk\/wp-content\/uploads\/2018\/10\/75-79Fugle16-768x576.jpg 768w, https:\/\/havkajaknatur.dk\/wp-content\/uploads\/2018\/10\/75-79Fugle16-1024x768.jpg 1024w\" sizes=\"auto, (max-width: 706px) 89vw, (max-width: 767px) 82vw, 740px\" \/><\/a><figcaption class=\"blocks-gallery-item__caption\">Musv\u00e5ge, J\u00e6gerspris, 1976 <\/figcaption><\/figure><\/li><li class=\"blocks-gallery-item\"><figure><a href=\"https:\/\/havkajaknatur.dk\/wp-content\/uploads\/2018\/10\/75-79Fugle16a.jpg\"><img loading=\"lazy\" decoding=\"async\" width=\"3770\" height=\"3311\" src=\"https:\/\/havkajaknatur.dk\/wp-content\/uploads\/2018\/10\/75-79Fugle16a.jpg\" alt=\"\" data-id=\"769\" data-link=\"https:\/\/havkajaknatur.dk\/?attachment_id=769\" class=\"wp-image-769\" srcset=\"https:\/\/havkajaknatur.dk\/wp-content\/uploads\/2018\/10\/75-79Fugle16a.jpg 3770w, https:\/\/havkajaknatur.dk\/wp-content\/uploads\/2018\/10\/75-79Fugle16a-300x263.jpg 300w, https:\/\/havkajaknatur.dk\/wp-content\/uploads\/2018\/10\/75-79Fugle16a-768x674.jpg 768w, https:\/\/havkajaknatur.dk\/wp-content\/uploads\/2018\/10\/75-79Fugle16a-1024x899.jpg 1024w\" sizes=\"auto, (max-width: 706px) 89vw, (max-width: 767px) 82vw, 740px\" \/><\/a><\/figure><\/li><\/ul><\/figure>\n\n\n\n<figure class=\"wp-block-gallery columns-1 is-cropped wp-block-gallery-2 is-layout-flex wp-block-gallery-is-layout-flex\"><ul class=\"blocks-gallery-grid\"><li class=\"blocks-gallery-item\"><figure><a href=\"https:\/\/havkajaknatur.dk\/wp-content\/uploads\/2019\/03\/75Gr\u00f8nland076-1024x673.jpg\"><img loading=\"lazy\" decoding=\"async\" width=\"1024\" height=\"673\" src=\"https:\/\/havkajaknatur.dk\/wp-content\/uploads\/2019\/03\/75Gr\u00f8nland076-1024x673.jpg\" alt=\"\" data-id=\"3268\" data-link=\"https:\/\/havkajaknatur.dk\/?attachment_id=3268\" class=\"wp-image-3268\" srcset=\"https:\/\/havkajaknatur.dk\/wp-content\/uploads\/2019\/03\/75Gr\u00f8nland076-1024x673.jpg 1024w, https:\/\/havkajaknatur.dk\/wp-content\/uploads\/2019\/03\/75Gr\u00f8nland076-300x197.jpg 300w, https:\/\/havkajaknatur.dk\/wp-content\/uploads\/2019\/03\/75Gr\u00f8nland076-768x505.jpg 768w\" sizes=\"auto, (max-width: 706px) 89vw, (max-width: 767px) 82vw, 740px\" \/><\/a><figcaption class=\"blocks-gallery-item__caption\">Hav\u00f8rneunge, n\u00e6sten flyvef\u00e6rdig, Godth\u00e5bs fjorden 1975<\/figcaption><\/figure><\/li><li class=\"blocks-gallery-item\"><figure><a href=\"https:\/\/havkajaknatur.dk\/wp-content\/uploads\/2019\/03\/75Gr\u00f8nland080-1024x669.jpg\"><img loading=\"lazy\" decoding=\"async\" width=\"1024\" height=\"669\" src=\"https:\/\/havkajaknatur.dk\/wp-content\/uploads\/2019\/03\/75Gr\u00f8nland080-1024x669.jpg\" alt=\"\" data-id=\"3270\" data-link=\"https:\/\/havkajaknatur.dk\/?attachment_id=3270\" class=\"wp-image-3270\" srcset=\"https:\/\/havkajaknatur.dk\/wp-content\/uploads\/2019\/03\/75Gr\u00f8nland080-1024x669.jpg 1024w, https:\/\/havkajaknatur.dk\/wp-content\/uploads\/2019\/03\/75Gr\u00f8nland080-300x196.jpg 300w, https:\/\/havkajaknatur.dk\/wp-content\/uploads\/2019\/03\/75Gr\u00f8nland080-768x502.jpg 768w\" sizes=\"auto, (max-width: 706px) 89vw, (max-width: 767px) 82vw, 740px\" \/><\/a><\/figure><\/li><li class=\"blocks-gallery-item\"><figure><a href=\"https:\/\/havkajaknatur.dk\/wp-content\/uploads\/2019\/03\/75Gr\u00f8nland079-1024x675.jpg\"><img loading=\"lazy\" decoding=\"async\" width=\"1024\" height=\"675\" src=\"https:\/\/havkajaknatur.dk\/wp-content\/uploads\/2019\/03\/75Gr\u00f8nland079-1024x675.jpg\" alt=\"\" data-id=\"3269\" data-link=\"https:\/\/havkajaknatur.dk\/?attachment_id=3269\" class=\"wp-image-3269\" srcset=\"https:\/\/havkajaknatur.dk\/wp-content\/uploads\/2019\/03\/75Gr\u00f8nland079-1024x675.jpg 1024w, https:\/\/havkajaknatur.dk\/wp-content\/uploads\/2019\/03\/75Gr\u00f8nland079-300x198.jpg 300w, https:\/\/havkajaknatur.dk\/wp-content\/uploads\/2019\/03\/75Gr\u00f8nland079-768x506.jpg 768w\" sizes=\"auto, (max-width: 706px) 89vw, (max-width: 767px) 82vw, 740px\" \/><\/a><\/figure><\/li><li class=\"blocks-gallery-item\"><figure><a href=\"https:\/\/havkajaknatur.dk\/wp-content\/uploads\/2019\/03\/75Gr\u00f8nland139-1024x666.jpg\"><img loading=\"lazy\" decoding=\"async\" width=\"1024\" height=\"666\" src=\"https:\/\/havkajaknatur.dk\/wp-content\/uploads\/2019\/03\/75Gr\u00f8nland139-1024x666.jpg\" alt=\"\" data-id=\"3273\" data-link=\"https:\/\/havkajaknatur.dk\/?attachment_id=3273\" class=\"wp-image-3273\" srcset=\"https:\/\/havkajaknatur.dk\/wp-content\/uploads\/2019\/03\/75Gr\u00f8nland139-1024x666.jpg 1024w, https:\/\/havkajaknatur.dk\/wp-content\/uploads\/2019\/03\/75Gr\u00f8nland139-300x195.jpg 300w, https:\/\/havkajaknatur.dk\/wp-content\/uploads\/2019\/03\/75Gr\u00f8nland139-768x499.jpg 768w\" sizes=\"auto, (max-width: 706px) 89vw, (max-width: 767px) 82vw, 740px\" \/><\/a><figcaption class=\"blocks-gallery-item__caption\">Hav\u00f8rneunge, n\u00e6sten flyvef\u00e6rdig, Sk\u00e6rg\u00e5rden ud for Godth\u00e5b, Nuuk, 1975<\/figcaption><\/figure><\/li><\/ul><\/figure>\n\n\n\n<div class=\"wp-block-image\"><figure class=\"aligncenter size-full\"><a href=\"https:\/\/havkajaknatur.dk\/wp-content\/uploads\/2019\/03\/Olympus01.jpg\"><img loading=\"lazy\" decoding=\"async\" width=\"494\" height=\"369\" src=\"https:\/\/havkajaknatur.dk\/wp-content\/uploads\/2019\/03\/Olympus01.jpg\" alt=\"\" class=\"wp-image-3110\" srcset=\"https:\/\/havkajaknatur.dk\/wp-content\/uploads\/2019\/03\/Olympus01.jpg 494w, https:\/\/havkajaknatur.dk\/wp-content\/uploads\/2019\/03\/Olympus01-300x224.jpg 300w\" sizes=\"auto, (max-width: 494px) 100vw, 494px\" \/><\/a><figcaption><strong>Mit fotoudstyr &#8220;Olympus OM system&#8221; sidst i 70erne<\/strong><\/figcaption><\/figure><\/div>\n\n\n\n<p><\/p>\n","protected":false},"excerpt":{"rendered":"<p>Bl\u00e5mejse Her et par af mine f\u00f8rste billeder af fugle fra 1975 &#8211; 76. Olympus OM-1 med en 300 mm f.4 Olympus linse<\/p>\n","protected":false},"author":1,"featured_media":3108,"parent":0,"menu_order":0,"comment_status":"closed","ping_status":"closed","template":"","meta":{"footnotes":""},"class_list":["post-762","page","type-page","status-publish","has-post-thumbnail","hentry"],"_links":{"self":[{"href":"https:\/\/havkajaknatur.dk\/index.php?rest_route=\/wp\/v2\/pages\/762","targetHints":{"allow":["GET"]}}],"collection":[{"href":"https:\/\/havkajaknatur.dk\/index.php?rest_route=\/wp\/v2\/pages"}],"about":[{"href":"https:\/\/havkajaknatur.dk\/index.php?rest_route=\/wp\/v2\/types\/page"}],"author":[{"embeddable":true,"href":"https:\/\/havkajaknatur.dk\/index.php?rest_route=\/wp\/v2\/users\/1"}],"replies":[{"embeddable":true,"href":"https:\/\/havkajaknatur.dk\/index.php?rest_route=%2Fwp%2Fv2%2Fcomments&post=762"}],"version-history":[{"count":27,"href":"https:\/\/havkajaknatur.dk\/index.php?rest_route=\/wp\/v2\/pages\/762\/revisions"}],"predecessor-version":[{"id":4487,"href":"https:\/\/havkajaknatur.dk\/index.php?rest_route=\/wp\/v2\/pages\/762\/revisions\/4487"}],"wp:featuredmedia":[{"embeddable":true,"href":"https:\/\/havkajaknatur.dk\/index.php?rest_route=\/wp\/v2\/media\/3108"}],"wp:attachment":[{"href":"https:\/\/havkajaknatur.dk\/index.php?rest_route=%2Fwp%2Fv2%2Fmedia&parent=762"}],"curies":[{"name":"wp","href":"https:\/\/api.w.org\/{rel}","templated":true}]}}