{"id":712,"date":"2018-10-21T10:44:57","date_gmt":"2018-10-21T10:44:57","guid":{"rendered":"http:\/\/havkajaknatur.dk\/?page_id=712"},"modified":"2025-03-04T14:10:33","modified_gmt":"2025-03-04T14:10:33","slug":"lidt-om-mig-selv-og-mine-kajakker","status":"publish","type":"page","link":"https:\/\/havkajaknatur.dk\/?page_id=712","title":{"rendered":"Lidt om mig selv og mine kajakker"},"content":{"rendered":"\n<p class=\"has-text-align-right has-small-font-size\">Vester\u00e5len, Lofoten 2015<\/p>\n\n\n\n<p>Jeg har 2 kajakker. Jeg har faktisk 3. Det hele startede med at jeg byggede en traditionel gr\u00f8nl\u00e6nder, tr\u00e6skelet og l\u00e6rred i vinteren 1996 -97. Men den er g\u00e5et p\u00e5 pension og h\u00e6nger hjemme i loftet. Min foretrukne nr. 1 kajak (2006) er en Lettmann &#8211; Godthab XL DD Expedition, som er rund i bunden. Det kan godt give nogle udfordringer, men n\u00e5r man s\u00e5 f\u00f8rst mestrer den, har man en hurtig og god kajak i b\u00f8lgerne. Den er rummelig med gode store integrerede luger. Meget effektivt ror helt under k\u00f8len, n\u00e5r det bruges, og n\u00e5r det ikke bruges, er det inde i agterst\u00e6vnen. Meget fladt d\u00e6k med minimal vindp\u00e5virkning. Min nr. 2 kajak (2010) er en Tahe Marine &#8211; Greenland, som er flad i bunden, meget smallere end min Godthab men alligevel meget mere stabil, jeg kan kravle rundt p\u00e5 den \ud83d\ude03  s\u00e5 det er ikke kun bredden der afg\u00f8rer stabiliteten, det er ogs\u00e5 meget formen p\u00e5 bunden. Der er ikke meget plads i Greenland hvis man skal p\u00e5 tur. Den banker meget i mod s\u00f8, men vender p\u00e5 en tallerken og er sjov at lege med.<\/p>\n\n\n\n<p class=\"has-text-align-left\">Jeg er pensioneret i sommeren 2015 efter at have v\u00e6ret selvst\u00e6ndig kunsth\u00e5ndv\u00e6rker i 20 \u00e5r. Mit kunsth\u00e5ndv\u00e6rk hed &#8220;Fugle i Strandtr\u00e6&#8221;. Jeg er udl\u00e6rt modelsnedker og har arbejdet som b\u00e5debygger, almindelig snedker og som mont\u00f8r p\u00e5 Nationalmuseet, inden jeg blev selvst\u00e6ndig Kunsth\u00e5ndv\u00e6rker. Naturen har altid v\u00e6ret der for mig, jeg er dybt taknemmelig. Jeg begyndte at ro havkajak i 1997 i min hjemmebygget gr\u00f8nl\u00e6nder. Jeg er gift med Ulla.<\/p>\n\n\n<div class=\"wp-block-image is-style-default\">\n<figure class=\"aligncenter size-large\"><img loading=\"lazy\" decoding=\"async\" width=\"1821\" height=\"1024\" src=\"https:\/\/havkajaknatur.dk\/wp-content\/uploads\/2024\/05\/97Kajak08a-1-1821x1024.jpg\" alt=\"\" class=\"wp-image-4824\" srcset=\"https:\/\/havkajaknatur.dk\/wp-content\/uploads\/2024\/05\/97Kajak08a-1-1821x1024.jpg 1821w, https:\/\/havkajaknatur.dk\/wp-content\/uploads\/2024\/05\/97Kajak08a-1-300x169.jpg 300w, https:\/\/havkajaknatur.dk\/wp-content\/uploads\/2024\/05\/97Kajak08a-1-768x432.jpg 768w, https:\/\/havkajaknatur.dk\/wp-content\/uploads\/2024\/05\/97Kajak08a-1-1536x864.jpg 1536w, https:\/\/havkajaknatur.dk\/wp-content\/uploads\/2024\/05\/97Kajak08a-1-2048x1152.jpg 2048w\" sizes=\"auto, (max-width: 706px) 89vw, (max-width: 767px) 82vw, 740px\" \/><figcaption class=\"wp-element-caption\"><em><strong> Det hele startede<\/strong><\/em><strong> med <\/strong><em><strong>min selvbygget Gr\u00f8nl\u00e6nder i 1997<\/strong><\/em><\/figcaption><\/figure><\/div>\n\n\n<figure class=\"wp-block-gallery has-nested-images columns-1 is-cropped wp-block-gallery-1 is-layout-flex wp-block-gallery-is-layout-flex\">\n<figure class=\"wp-block-image size-large is-style-default\"><a href=\"https:\/\/havkajaknatur.dk\/wp-content\/uploads\/2018\/10\/12Kajak584.jpg\"><img loading=\"lazy\" decoding=\"async\" width=\"1024\" height=\"576\" data-id=\"581\" src=\"https:\/\/havkajaknatur.dk\/wp-content\/uploads\/2018\/10\/12Kajak584-1024x576.jpg\" alt=\"\" class=\"wp-image-581\" srcset=\"https:\/\/havkajaknatur.dk\/wp-content\/uploads\/2018\/10\/12Kajak584-1024x576.jpg 1024w, https:\/\/havkajaknatur.dk\/wp-content\/uploads\/2018\/10\/12Kajak584-300x169.jpg 300w, https:\/\/havkajaknatur.dk\/wp-content\/uploads\/2018\/10\/12Kajak584-768x432.jpg 768w\" sizes=\"auto, (max-width: 706px) 89vw, (max-width: 767px) 82vw, 740px\" \/><\/a><figcaption class=\"wp-element-caption\">Godthab XL (Marstrand, Sverige) 2012<\/figcaption><\/figure>\n\n\n\n<figure class=\"wp-block-image size-large is-style-default\"><a href=\"https:\/\/havkajaknatur.dk\/wp-content\/uploads\/2018\/10\/09Kajak003.jpg\"><img loading=\"lazy\" decoding=\"async\" width=\"1024\" height=\"576\" data-id=\"580\" src=\"https:\/\/havkajaknatur.dk\/wp-content\/uploads\/2018\/10\/09Kajak003-1024x576.jpg\" alt=\"\" class=\"wp-image-580\" srcset=\"https:\/\/havkajaknatur.dk\/wp-content\/uploads\/2018\/10\/09Kajak003-1024x576.jpg 1024w, https:\/\/havkajaknatur.dk\/wp-content\/uploads\/2018\/10\/09Kajak003-300x169.jpg 300w, https:\/\/havkajaknatur.dk\/wp-content\/uploads\/2018\/10\/09Kajak003-768x432.jpg 768w\" sizes=\"auto, (max-width: 706px) 89vw, (max-width: 767px) 82vw, 740px\" \/><\/a><figcaption class=\"wp-element-caption\">Greenland 2010<\/figcaption><\/figure>\n\n\n\n<figure class=\"wp-block-image size-large is-style-default\"><a href=\"https:\/\/havkajaknatur.dk\/wp-content\/uploads\/2019\/02\/13-60a\u030arR\u00f8sn\u00e6s06-1.jpg\"><img loading=\"lazy\" decoding=\"async\" width=\"1024\" height=\"572\" data-id=\"3061\" src=\"https:\/\/havkajaknatur.dk\/wp-content\/uploads\/2019\/02\/13-60a\u030arR\u00f8sn\u00e6s06-1-1024x572.jpg\" alt=\"\" class=\"wp-image-3061\" srcset=\"https:\/\/havkajaknatur.dk\/wp-content\/uploads\/2019\/02\/13-60a\u030arR\u00f8sn\u00e6s06-1-1024x572.jpg 1024w, https:\/\/havkajaknatur.dk\/wp-content\/uploads\/2019\/02\/13-60a\u030arR\u00f8sn\u00e6s06-1-300x167.jpg 300w, https:\/\/havkajaknatur.dk\/wp-content\/uploads\/2019\/02\/13-60a\u030arR\u00f8sn\u00e6s06-1-768x429.jpg 768w\" sizes=\"auto, (max-width: 706px) 89vw, (max-width: 767px) 82vw, 740px\" \/><\/a><figcaption class=\"wp-element-caption\">Greenland (Jonas) 2013<\/figcaption><\/figure>\n<\/figure>\n\n\n<div class=\"wp-block-image\">\n<figure class=\"aligncenter is-resized\"><a href=\"https:\/\/havkajaknatur.dk\/wp-content\/uploads\/2018\/10\/E8081004.jpg\"><img loading=\"lazy\" decoding=\"async\" width=\"2932\" height=\"4343\" src=\"https:\/\/havkajaknatur.dk\/wp-content\/uploads\/2018\/10\/E8081004.jpg\" alt=\"\" class=\"wp-image-588\" style=\"width:650px\" srcset=\"https:\/\/havkajaknatur.dk\/wp-content\/uploads\/2018\/10\/E8081004.jpg 2932w, https:\/\/havkajaknatur.dk\/wp-content\/uploads\/2018\/10\/E8081004-203x300.jpg 203w, https:\/\/havkajaknatur.dk\/wp-content\/uploads\/2018\/10\/E8081004-768x1138.jpg 768w, https:\/\/havkajaknatur.dk\/wp-content\/uploads\/2018\/10\/E8081004-691x1024.jpg 691w\" sizes=\"auto, (max-width: 706px) 89vw, (max-width: 767px) 82vw, 740px\" \/><\/a><figcaption class=\"wp-element-caption\"><em><strong>Min<\/strong> <strong>pensionerede<\/strong> <strong>hjemmebygget gr\u00f8nl\u00e6nder<\/strong> <strong>2016<\/strong><\/em><\/figcaption><\/figure><\/div>\n\n\n<p><strong>Bygning af gr\u00f8nlandsk kajak<\/strong><br>Et bes\u00f8g i 1996 p\u00e5 \u00d8stkysten af Gr\u00f8nland i byen Tasiilaq, faldt jeg over bogen: \u201dInstruktion i kajakbygning\u201d af H.C. Petersen. Den efterf\u00f8lgende vinter byggede jeg en kajak ved hj\u00e6lp af denne bog. Det viste sig (fik jeg af vide) at kajakken i bogen var for h\u00f8j. Jeg n\u00e5ede at \u00e6ndre dette, inden jeg betr\u00e6k den med l\u00e6rred. Jeg roede i den i nogle \u00e5r, inden jeg k\u00f8bte min f\u00f8rste glasfiber kajak i 2001. Det gik nu ellers fint med at ro i den, men jeg havde lidt problemer med mine ben der hurtig begyndte at sove efter et stykke tids roning. Mulighed for at medtage udstyr til ture er heller ikke s\u00e5 god som i en glasfiberkajak.<\/p>\n\n\n\n<figure class=\"wp-block-gallery has-nested-images columns-1 is-cropped wp-block-gallery-2 is-layout-flex wp-block-gallery-is-layout-flex\">\n<figure class=\"wp-block-image size-large is-style-default\"><a href=\"https:\/\/havkajaknatur.dk\/wp-content\/uploads\/2018\/10\/97Kajak02.jpg\"><img loading=\"lazy\" decoding=\"async\" width=\"1024\" height=\"688\" data-id=\"594\" src=\"https:\/\/havkajaknatur.dk\/wp-content\/uploads\/2018\/10\/97Kajak02-1024x688.jpg\" alt=\"\" class=\"wp-image-594\" srcset=\"https:\/\/havkajaknatur.dk\/wp-content\/uploads\/2018\/10\/97Kajak02-1024x688.jpg 1024w, https:\/\/havkajaknatur.dk\/wp-content\/uploads\/2018\/10\/97Kajak02-300x201.jpg 300w, https:\/\/havkajaknatur.dk\/wp-content\/uploads\/2018\/10\/97Kajak02-768x516.jpg 768w\" sizes=\"auto, (max-width: 706px) 89vw, (max-width: 767px) 82vw, 740px\" \/><\/a><\/figure>\n\n\n\n<figure class=\"wp-block-image size-large is-style-default\"><a href=\"https:\/\/havkajaknatur.dk\/wp-content\/uploads\/2018\/10\/97Kajak03.jpg\"><img loading=\"lazy\" decoding=\"async\" width=\"1024\" height=\"691\" data-id=\"595\" src=\"https:\/\/havkajaknatur.dk\/wp-content\/uploads\/2018\/10\/97Kajak03-1024x691.jpg\" alt=\"\" class=\"wp-image-595\" srcset=\"https:\/\/havkajaknatur.dk\/wp-content\/uploads\/2018\/10\/97Kajak03-1024x691.jpg 1024w, https:\/\/havkajaknatur.dk\/wp-content\/uploads\/2018\/10\/97Kajak03-300x202.jpg 300w, https:\/\/havkajaknatur.dk\/wp-content\/uploads\/2018\/10\/97Kajak03-768x518.jpg 768w\" sizes=\"auto, (max-width: 706px) 89vw, (max-width: 767px) 82vw, 740px\" \/><\/a><\/figure>\n\n\n\n<figure class=\"wp-block-image size-large is-style-default\"><a href=\"https:\/\/havkajaknatur.dk\/wp-content\/uploads\/2018\/10\/97Kajak12_edited-1.jpg\"><img loading=\"lazy\" decoding=\"async\" width=\"1024\" height=\"692\" data-id=\"596\" src=\"https:\/\/havkajaknatur.dk\/wp-content\/uploads\/2018\/10\/97Kajak12_edited-1-1024x692.jpg\" alt=\"\" class=\"wp-image-596\" srcset=\"https:\/\/havkajaknatur.dk\/wp-content\/uploads\/2018\/10\/97Kajak12_edited-1-1024x692.jpg 1024w, https:\/\/havkajaknatur.dk\/wp-content\/uploads\/2018\/10\/97Kajak12_edited-1-300x203.jpg 300w, https:\/\/havkajaknatur.dk\/wp-content\/uploads\/2018\/10\/97Kajak12_edited-1-768x519.jpg 768w\" sizes=\"auto, (max-width: 706px) 89vw, (max-width: 767px) 82vw, 740px\" \/><\/a><\/figure>\n\n\n\n<figure class=\"wp-block-image size-large is-style-default\"><a href=\"https:\/\/havkajaknatur.dk\/wp-content\/uploads\/2018\/10\/97Kajak14.jpg\"><img loading=\"lazy\" decoding=\"async\" width=\"1024\" height=\"677\" data-id=\"597\" src=\"https:\/\/havkajaknatur.dk\/wp-content\/uploads\/2018\/10\/97Kajak14-1024x677.jpg\" alt=\"\" class=\"wp-image-597\" srcset=\"https:\/\/havkajaknatur.dk\/wp-content\/uploads\/2018\/10\/97Kajak14-1024x677.jpg 1024w, https:\/\/havkajaknatur.dk\/wp-content\/uploads\/2018\/10\/97Kajak14-300x198.jpg 300w, https:\/\/havkajaknatur.dk\/wp-content\/uploads\/2018\/10\/97Kajak14-768x507.jpg 768w\" sizes=\"auto, (max-width: 706px) 89vw, (max-width: 767px) 82vw, 740px\" \/><\/a><\/figure>\n\n\n\n<figure class=\"wp-block-image size-large is-style-default\"><a href=\"https:\/\/havkajaknatur.dk\/wp-content\/uploads\/2018\/10\/97Kajak21_edited-1.jpg\"><img loading=\"lazy\" decoding=\"async\" width=\"1024\" height=\"677\" data-id=\"599\" src=\"https:\/\/havkajaknatur.dk\/wp-content\/uploads\/2018\/10\/97Kajak21_edited-1-1024x677.jpg\" alt=\"\" class=\"wp-image-599\" srcset=\"https:\/\/havkajaknatur.dk\/wp-content\/uploads\/2018\/10\/97Kajak21_edited-1-1024x677.jpg 1024w, https:\/\/havkajaknatur.dk\/wp-content\/uploads\/2018\/10\/97Kajak21_edited-1-300x198.jpg 300w, https:\/\/havkajaknatur.dk\/wp-content\/uploads\/2018\/10\/97Kajak21_edited-1-768x508.jpg 768w\" sizes=\"auto, (max-width: 706px) 89vw, (max-width: 767px) 82vw, 740px\" \/><\/a><figcaption class=\"wp-element-caption\">Min datter Ida<\/figcaption><\/figure>\n\n\n\n<figure class=\"wp-block-image size-large is-style-default\"><a href=\"https:\/\/havkajaknatur.dk\/wp-content\/uploads\/2018\/10\/97Kajak20.jpg\"><img loading=\"lazy\" decoding=\"async\" width=\"1024\" height=\"676\" data-id=\"598\" src=\"https:\/\/havkajaknatur.dk\/wp-content\/uploads\/2018\/10\/97Kajak20-1024x676.jpg\" alt=\"\" class=\"wp-image-598\" srcset=\"https:\/\/havkajaknatur.dk\/wp-content\/uploads\/2018\/10\/97Kajak20-1024x676.jpg 1024w, https:\/\/havkajaknatur.dk\/wp-content\/uploads\/2018\/10\/97Kajak20-300x198.jpg 300w, https:\/\/havkajaknatur.dk\/wp-content\/uploads\/2018\/10\/97Kajak20-768x507.jpg 768w\" sizes=\"auto, (max-width: 706px) 89vw, (max-width: 767px) 82vw, 740px\" \/><\/a><figcaption class=\"wp-element-caption\">Min s\u00f8n Jonas<\/figcaption><\/figure>\n<\/figure>\n","protected":false},"excerpt":{"rendered":"<p>Vester\u00e5len, Lofoten 2015 Jeg har 2 kajakker. Jeg har faktisk 3. Det hele startede med at jeg byggede en traditionel gr\u00f8nl\u00e6nder, tr\u00e6skelet og l\u00e6rred i vinteren 1996 -97. Men den er g\u00e5et p\u00e5 pension og h\u00e6nger hjemme i loftet. Min foretrukne nr. 1 kajak (2006) er en Lettmann &#8211; Godthab XL DD Expedition, som er &hellip; <\/p>\n<p class=\"link-more\"><a href=\"https:\/\/havkajaknatur.dk\/?page_id=712\" class=\"more-link\">L\u00e6s videre<span class=\"screen-reader-text\"> &#8220;Lidt om mig selv og mine kajakker&#8221;<\/span><\/a><\/p>\n","protected":false},"author":1,"featured_media":2716,"parent":0,"menu_order":0,"comment_status":"closed","ping_status":"closed","template":"","meta":{"footnotes":""},"class_list":["post-712","page","type-page","status-publish","has-post-thumbnail","hentry"],"_links":{"self":[{"href":"https:\/\/havkajaknatur.dk\/index.php?rest_route=\/wp\/v2\/pages\/712","targetHints":{"allow":["GET"]}}],"collection":[{"href":"https:\/\/havkajaknatur.dk\/index.php?rest_route=\/wp\/v2\/pages"}],"about":[{"href":"https:\/\/havkajaknatur.dk\/index.php?rest_route=\/wp\/v2\/types\/page"}],"author":[{"embeddable":true,"href":"https:\/\/havkajaknatur.dk\/index.php?rest_route=\/wp\/v2\/users\/1"}],"replies":[{"embeddable":true,"href":"https:\/\/havkajaknatur.dk\/index.php?rest_route=%2Fwp%2Fv2%2Fcomments&post=712"}],"version-history":[{"count":43,"href":"https:\/\/havkajaknatur.dk\/index.php?rest_route=\/wp\/v2\/pages\/712\/revisions"}],"predecessor-version":[{"id":5017,"href":"https:\/\/havkajaknatur.dk\/index.php?rest_route=\/wp\/v2\/pages\/712\/revisions\/5017"}],"wp:featuredmedia":[{"embeddable":true,"href":"https:\/\/havkajaknatur.dk\/index.php?rest_route=\/wp\/v2\/media\/2716"}],"wp:attachment":[{"href":"https:\/\/havkajaknatur.dk\/index.php?rest_route=%2Fwp%2Fv2%2Fmedia&parent=712"}],"curies":[{"name":"wp","href":"https:\/\/api.w.org\/{rel}","templated":true}]}}