{"id":4720,"date":"2023-05-15T17:43:11","date_gmt":"2023-05-15T17:43:11","guid":{"rendered":"https:\/\/havkajaknatur.dk\/?page_id=4720"},"modified":"2024-04-30T19:53:35","modified_gmt":"2024-04-30T19:53:35","slug":"samsoe-tunoe-rundt","status":"publish","type":"page","link":"https:\/\/havkajaknatur.dk\/?page_id=4720","title":{"rendered":"Sams\u00f8 &#038; Tun\u00f8 Rundt"},"content":{"rendered":"\n<p>Det er ikke altid man er s\u00e5 heldig med vejret, som vi var, da vi roede Sams\u00f8 Tun\u00f8 rundt.<\/p>\n\n\n\n<p>Det er sidst p\u00e5 for\u00e5ret, s\u00e5 der er mange fugle. Stork ved Vesborg Fyr, mange Ederfugle hele vejen rundt. Rigtig mange Tejste ved skr\u00e6nterne p\u00e5 sydsiden af Tun\u00f8. Et par Knorteg\u00e6s og en flok Stenvendere ved Stavns Fjord.<\/p>\n\n\n\n<p>En jagende flok marsvin set fra land ved Asmind\u00f8r Hage. Vikingeskibs kanal tv\u00e6rs igennem Sams\u00f8, og et kirke og fyrt\u00e5rn i et p\u00e5 Tun\u00f8. Ja der er meget og opleve, Sams\u00f8 er altid et bes\u00f8g v\u00e6r.  Bodil, Susanne, S\u00f8ren, Niels og Jan<\/p>\n\n\n\n<figure class=\"wp-block-embed is-type-video is-provider-youtube wp-block-embed-youtube wp-embed-aspect-16-9 wp-has-aspect-ratio\"><div class=\"wp-block-embed__wrapper\">\n<iframe loading=\"lazy\" title=\"2023 Sams\u00f8 &amp; Tun\u00f8 Rundt i kajak\" width=\"525\" height=\"295\" src=\"https:\/\/www.youtube.com\/embed\/krPim2AhEVw?feature=oembed\" frameborder=\"0\" allow=\"accelerometer; autoplay; clipboard-write; encrypted-media; gyroscope; picture-in-picture; web-share\" referrerpolicy=\"strict-origin-when-cross-origin\" allowfullscreen><\/iframe>\n<\/div><\/figure>\n\n\n\n<figure class=\"wp-block-image size-large is-style-default\"><a href=\"https:\/\/havkajaknatur.dk\/wp-content\/uploads\/2024\/04\/SamsoeKortMedRude-scaled.jpg\"><img loading=\"lazy\" decoding=\"async\" width=\"724\" height=\"1024\" src=\"https:\/\/havkajaknatur.dk\/wp-content\/uploads\/2024\/04\/SamsoeKortMedRude-724x1024.jpg\" alt=\"\" class=\"wp-image-4781\" srcset=\"https:\/\/havkajaknatur.dk\/wp-content\/uploads\/2024\/04\/SamsoeKortMedRude-724x1024.jpg 724w, https:\/\/havkajaknatur.dk\/wp-content\/uploads\/2024\/04\/SamsoeKortMedRude-212x300.jpg 212w, https:\/\/havkajaknatur.dk\/wp-content\/uploads\/2024\/04\/SamsoeKortMedRude-768x1086.jpg 768w, https:\/\/havkajaknatur.dk\/wp-content\/uploads\/2024\/04\/SamsoeKortMedRude-1086x1536.jpg 1086w, https:\/\/havkajaknatur.dk\/wp-content\/uploads\/2024\/04\/SamsoeKortMedRude-1448x2048.jpg 1448w, https:\/\/havkajaknatur.dk\/wp-content\/uploads\/2024\/04\/SamsoeKortMedRude-scaled.jpg 1810w\" sizes=\"auto, (max-width: 724px) 100vw, 724px\" \/><\/a><\/figure>\n","protected":false},"excerpt":{"rendered":"<p>Det er ikke altid man er s\u00e5 heldig med vejret, som vi var, da vi roede Sams\u00f8 Tun\u00f8 rundt. Det er sidst p\u00e5 for\u00e5ret, s\u00e5 der er mange fugle. Stork ved Vesborg Fyr, mange Ederfugle hele vejen rundt. Rigtig mange Tejste ved skr\u00e6nterne p\u00e5 sydsiden af Tun\u00f8. Et par Knorteg\u00e6s og en flok Stenvendere ved &hellip; <\/p>\n<p class=\"link-more\"><a href=\"https:\/\/havkajaknatur.dk\/?page_id=4720\" class=\"more-link\">L\u00e6s videre<span class=\"screen-reader-text\"> &#8220;Sams\u00f8 &#038; Tun\u00f8 Rundt&#8221;<\/span><\/a><\/p>\n","protected":false},"author":1,"featured_media":4764,"parent":0,"menu_order":0,"comment_status":"closed","ping_status":"closed","template":"","meta":{"footnotes":""},"class_list":["post-4720","page","type-page","status-publish","has-post-thumbnail","hentry"],"_links":{"self":[{"href":"https:\/\/havkajaknatur.dk\/index.php?rest_route=\/wp\/v2\/pages\/4720","targetHints":{"allow":["GET"]}}],"collection":[{"href":"https:\/\/havkajaknatur.dk\/index.php?rest_route=\/wp\/v2\/pages"}],"about":[{"href":"https:\/\/havkajaknatur.dk\/index.php?rest_route=\/wp\/v2\/types\/page"}],"author":[{"embeddable":true,"href":"https:\/\/havkajaknatur.dk\/index.php?rest_route=\/wp\/v2\/users\/1"}],"replies":[{"embeddable":true,"href":"https:\/\/havkajaknatur.dk\/index.php?rest_route=%2Fwp%2Fv2%2Fcomments&post=4720"}],"version-history":[{"count":4,"href":"https:\/\/havkajaknatur.dk\/index.php?rest_route=\/wp\/v2\/pages\/4720\/revisions"}],"predecessor-version":[{"id":4783,"href":"https:\/\/havkajaknatur.dk\/index.php?rest_route=\/wp\/v2\/pages\/4720\/revisions\/4783"}],"wp:featuredmedia":[{"embeddable":true,"href":"https:\/\/havkajaknatur.dk\/index.php?rest_route=\/wp\/v2\/media\/4764"}],"wp:attachment":[{"href":"https:\/\/havkajaknatur.dk\/index.php?rest_route=%2Fwp%2Fv2%2Fmedia&parent=4720"}],"curies":[{"name":"wp","href":"https:\/\/api.w.org\/{rel}","templated":true}]}}