{"id":2065,"date":"2019-01-14T14:54:14","date_gmt":"2019-01-14T14:54:14","guid":{"rendered":"http:\/\/havkajaknatur.dk\/?page_id=2065"},"modified":"2021-12-15T20:43:58","modified_gmt":"2021-12-15T20:43:58","slug":"sjaellands-odde-rundt","status":"publish","type":"page","link":"https:\/\/havkajaknatur.dk\/?page_id=2065","title":{"rendered":"2018 Sj\u00e6llands Odde Rundt"},"content":{"rendered":"\n<p class=\"has-text-align-right has-small-font-size\">Ebbel\u00f8kke<\/p>\n\n\n\n<p>Sj\u00e6llands Odde Rundt den 1. &#8211; 2. september. Vi k\u00f8rte til Sejer\u00f8 Bugten ved Overby Lyng p\u00e5 Sj. Odde. Herfra roede vi ud langs Odden i Sejer\u00f8 Bugten og runder Gniben. Nu i Kattegat ror vi p\u00e5 den anden side af Odden, ned til Ebbel\u00f8kke hvor vi overnattede. N\u00e6ste dag videre forbi Klint, Korshage og over til Lyn\u00e6s, hvor turen sluttede. Jeg hentede bilen dagen efter ved Overby Lyng. Ebbel\u00f8kke er et rigtig fint sted at overnatte, der er meget fredeligt, men det er ikke nogen officiel lejrplads. Deltagere: Bodil, Susanne og mig selv.<\/p>\n\n\n\n<figure class=\"wp-block-embed is-type-video is-provider-youtube wp-block-embed-youtube wp-embed-aspect-16-9 wp-has-aspect-ratio\"><div class=\"wp-block-embed__wrapper\">\n<iframe loading=\"lazy\" title=\"Kayak, Sj, Odde Rundt\" width=\"525\" height=\"295\" src=\"https:\/\/www.youtube.com\/embed\/-Wpjszi_kxM?feature=oembed\" frameborder=\"0\" allow=\"accelerometer; autoplay; clipboard-write; encrypted-media; gyroscope; picture-in-picture; web-share\" referrerpolicy=\"strict-origin-when-cross-origin\" allowfullscreen><\/iframe>\n<\/div><\/figure>\n\n\n\n<figure class=\"wp-block-image size-full is-style-default\"><a href=\"https:\/\/havkajaknatur.dk\/wp-content\/uploads\/2021\/12\/Skaermbillede-2021-12-15-kl.-10.36.13.jpg\"><img loading=\"lazy\" decoding=\"async\" width=\"1481\" height=\"957\" src=\"https:\/\/havkajaknatur.dk\/wp-content\/uploads\/2021\/12\/Skaermbillede-2021-12-15-kl.-10.36.13.jpg\" alt=\"\" class=\"wp-image-4535\" srcset=\"https:\/\/havkajaknatur.dk\/wp-content\/uploads\/2021\/12\/Skaermbillede-2021-12-15-kl.-10.36.13.jpg 1481w, https:\/\/havkajaknatur.dk\/wp-content\/uploads\/2021\/12\/Skaermbillede-2021-12-15-kl.-10.36.13-300x194.jpg 300w, https:\/\/havkajaknatur.dk\/wp-content\/uploads\/2021\/12\/Skaermbillede-2021-12-15-kl.-10.36.13-768x496.jpg 768w\" sizes=\"auto, (max-width: 706px) 89vw, (max-width: 767px) 82vw, 740px\" \/><\/a><figcaption>Original GPS spor den 1. dag<\/figcaption><\/figure>\n","protected":false},"excerpt":{"rendered":"<p>Ebbel\u00f8kke Sj\u00e6llands Odde Rundt den 1. &#8211; 2. september. Vi k\u00f8rte til Sejer\u00f8 Bugten ved Overby Lyng p\u00e5 Sj. Odde. Herfra roede vi ud langs Odden i Sejer\u00f8 Bugten og runder Gniben. Nu i Kattegat ror vi p\u00e5 den anden side af Odden, ned til Ebbel\u00f8kke hvor vi overnattede. N\u00e6ste dag videre forbi Klint, Korshage &hellip; <\/p>\n<p class=\"link-more\"><a href=\"https:\/\/havkajaknatur.dk\/?page_id=2065\" class=\"more-link\">L\u00e6s videre<span class=\"screen-reader-text\"> &#8220;2018 Sj\u00e6llands Odde Rundt&#8221;<\/span><\/a><\/p>\n","protected":false},"author":1,"featured_media":2764,"parent":0,"menu_order":0,"comment_status":"closed","ping_status":"closed","template":"","meta":{"footnotes":""},"class_list":["post-2065","page","type-page","status-publish","has-post-thumbnail","hentry"],"_links":{"self":[{"href":"https:\/\/havkajaknatur.dk\/index.php?rest_route=\/wp\/v2\/pages\/2065","targetHints":{"allow":["GET"]}}],"collection":[{"href":"https:\/\/havkajaknatur.dk\/index.php?rest_route=\/wp\/v2\/pages"}],"about":[{"href":"https:\/\/havkajaknatur.dk\/index.php?rest_route=\/wp\/v2\/types\/page"}],"author":[{"embeddable":true,"href":"https:\/\/havkajaknatur.dk\/index.php?rest_route=\/wp\/v2\/users\/1"}],"replies":[{"embeddable":true,"href":"https:\/\/havkajaknatur.dk\/index.php?rest_route=%2Fwp%2Fv2%2Fcomments&post=2065"}],"version-history":[{"count":11,"href":"https:\/\/havkajaknatur.dk\/index.php?rest_route=\/wp\/v2\/pages\/2065\/revisions"}],"predecessor-version":[{"id":4537,"href":"https:\/\/havkajaknatur.dk\/index.php?rest_route=\/wp\/v2\/pages\/2065\/revisions\/4537"}],"wp:featuredmedia":[{"embeddable":true,"href":"https:\/\/havkajaknatur.dk\/index.php?rest_route=\/wp\/v2\/media\/2764"}],"wp:attachment":[{"href":"https:\/\/havkajaknatur.dk\/index.php?rest_route=%2Fwp%2Fv2%2Fmedia&parent=2065"}],"curies":[{"name":"wp","href":"https:\/\/api.w.org\/{rel}","templated":true}]}}