{"id":2033,"date":"2019-01-14T14:40:13","date_gmt":"2019-01-14T14:40:13","guid":{"rendered":"http:\/\/havkajaknatur.dk\/?page_id=2033"},"modified":"2021-12-14T20:39:39","modified_gmt":"2021-12-14T20:39:39","slug":"fjallbacka-skaergaarden","status":"publish","type":"page","link":"https:\/\/havkajaknatur.dk\/?page_id=2033","title":{"rendered":"2017 Fj\u00e4llbacka Sk\u00e6rg\u00e5rden"},"content":{"rendered":"\n<p class=\"has-text-align-right has-small-font-size\">L\u00e4ngesk\u00e4r<\/p>\n\n\n\n<p>Fj\u00e4llbacka sk\u00e6rg\u00e5rden den 21. til den 25. september.\u00a0Turen gik\u00a0op lige nord for Havstenssund og ned lige nord for Sm\u00f8gen. Det var en noget kold tur, men med rolige vindforhold. Men jeg havde det hele for mig selv, ingen kajakker og heller ikke mange b\u00e5de.<\/p>\n\n\n\n<figure class=\"wp-block-embed is-type-video is-provider-youtube wp-block-embed-youtube wp-embed-aspect-16-9 wp-has-aspect-ratio\"><div class=\"wp-block-embed__wrapper\">\n<iframe loading=\"lazy\" title=\"Kayak, Fja\u0308llbacka, Sverige, Klipper\" width=\"525\" height=\"295\" src=\"https:\/\/www.youtube.com\/embed\/8dQfBTGBiJ8?feature=oembed\" frameborder=\"0\" allow=\"accelerometer; autoplay; clipboard-write; encrypted-media; gyroscope; picture-in-picture; web-share\" referrerpolicy=\"strict-origin-when-cross-origin\" allowfullscreen><\/iframe>\n<\/div><\/figure>\n\n\n\n<figure class=\"wp-block-embed is-type-video is-provider-youtube wp-block-embed-youtube wp-embed-aspect-16-9 wp-has-aspect-ratio\"><div class=\"wp-block-embed__wrapper\">\n<iframe loading=\"lazy\" title=\"Kayak, Sverige, Fja\u0308llbacka, La\u0308ngeska\u0308r\" width=\"525\" height=\"295\" src=\"https:\/\/www.youtube.com\/embed\/vQxLDEraxFw?feature=oembed\" frameborder=\"0\" allow=\"accelerometer; autoplay; clipboard-write; encrypted-media; gyroscope; picture-in-picture; web-share\" referrerpolicy=\"strict-origin-when-cross-origin\" allowfullscreen><\/iframe>\n<\/div><\/figure>\n\n\n\n<p class=\"has-text-align-center\">Fj\u00e4llbacka sk\u00e6rg\u00e5rdens mystiske huller p\u00e5 L\u00e4ngesk\u00e4r.<strong>&nbsp;Se videoen med lyd<\/strong>&nbsp;\ud83d\ude00<\/p>\n\n\n\n<figure class=\"wp-block-gallery columns-1 is-cropped wp-block-gallery-1 is-layout-flex wp-block-gallery-is-layout-flex\"><ul class=\"blocks-gallery-grid\"><li class=\"blocks-gallery-item\"><figure><a href=\"https:\/\/havkajaknatur.dk\/wp-content\/uploads\/2019\/03\/E8080346-1024x768.jpg\"><img loading=\"lazy\" decoding=\"async\" width=\"1024\" height=\"768\" src=\"https:\/\/havkajaknatur.dk\/wp-content\/uploads\/2019\/03\/E8080346-1024x768.jpg\" alt=\"\" data-id=\"3181\" data-link=\"https:\/\/havkajaknatur.dk\/?attachment_id=3181\" class=\"wp-image-3181\" srcset=\"https:\/\/havkajaknatur.dk\/wp-content\/uploads\/2019\/03\/E8080346-1024x768.jpg 1024w, https:\/\/havkajaknatur.dk\/wp-content\/uploads\/2019\/03\/E8080346-300x225.jpg 300w, https:\/\/havkajaknatur.dk\/wp-content\/uploads\/2019\/03\/E8080346-768x576.jpg 768w\" sizes=\"auto, (max-width: 706px) 89vw, (max-width: 767px) 82vw, 740px\" \/><\/a><\/figure><\/li><li class=\"blocks-gallery-item\"><figure><a href=\"https:\/\/havkajaknatur.dk\/wp-content\/uploads\/2019\/03\/E8080345-1024x765.jpg\"><img loading=\"lazy\" decoding=\"async\" width=\"1024\" height=\"765\" src=\"https:\/\/havkajaknatur.dk\/wp-content\/uploads\/2019\/03\/E8080345-1024x765.jpg\" alt=\"\" data-id=\"3180\" data-link=\"https:\/\/havkajaknatur.dk\/?attachment_id=3180\" class=\"wp-image-3180\" srcset=\"https:\/\/havkajaknatur.dk\/wp-content\/uploads\/2019\/03\/E8080345-1024x765.jpg 1024w, https:\/\/havkajaknatur.dk\/wp-content\/uploads\/2019\/03\/E8080345-300x224.jpg 300w, https:\/\/havkajaknatur.dk\/wp-content\/uploads\/2019\/03\/E8080345-768x574.jpg 768w\" sizes=\"auto, (max-width: 706px) 89vw, (max-width: 767px) 82vw, 740px\" \/><\/a><\/figure><\/li><li class=\"blocks-gallery-item\"><figure><a href=\"https:\/\/havkajaknatur.dk\/wp-content\/uploads\/2019\/03\/E8080348-1024x768.jpg\"><img loading=\"lazy\" decoding=\"async\" width=\"1024\" height=\"768\" src=\"https:\/\/havkajaknatur.dk\/wp-content\/uploads\/2019\/03\/E8080348-1024x768.jpg\" alt=\"\" data-id=\"3183\" data-link=\"https:\/\/havkajaknatur.dk\/?attachment_id=3183\" class=\"wp-image-3183\" srcset=\"https:\/\/havkajaknatur.dk\/wp-content\/uploads\/2019\/03\/E8080348-1024x768.jpg 1024w, https:\/\/havkajaknatur.dk\/wp-content\/uploads\/2019\/03\/E8080348-300x225.jpg 300w, https:\/\/havkajaknatur.dk\/wp-content\/uploads\/2019\/03\/E8080348-768x576.jpg 768w\" sizes=\"auto, (max-width: 706px) 89vw, (max-width: 767px) 82vw, 740px\" \/><\/a><\/figure><\/li><li class=\"blocks-gallery-item\"><figure><a href=\"https:\/\/havkajaknatur.dk\/wp-content\/uploads\/2019\/03\/E8080347-1024x768.jpg\"><img loading=\"lazy\" decoding=\"async\" width=\"1024\" height=\"768\" src=\"https:\/\/havkajaknatur.dk\/wp-content\/uploads\/2019\/03\/E8080347-1024x768.jpg\" alt=\"\" data-id=\"3182\" data-link=\"https:\/\/havkajaknatur.dk\/?attachment_id=3182\" class=\"wp-image-3182\" srcset=\"https:\/\/havkajaknatur.dk\/wp-content\/uploads\/2019\/03\/E8080347-1024x768.jpg 1024w, https:\/\/havkajaknatur.dk\/wp-content\/uploads\/2019\/03\/E8080347-300x225.jpg 300w, https:\/\/havkajaknatur.dk\/wp-content\/uploads\/2019\/03\/E8080347-768x576.jpg 768w\" sizes=\"auto, (max-width: 706px) 89vw, (max-width: 767px) 82vw, 740px\" \/><\/a><\/figure><\/li><\/ul><\/figure>\n\n\n\n<figure class=\"wp-block-embed is-type-video is-provider-youtube wp-block-embed-youtube wp-embed-aspect-16-9 wp-has-aspect-ratio\"><div class=\"wp-block-embed__wrapper\">\n<iframe loading=\"lazy\" title=\"Kayak, Sverige, Fja\u0308llbacka, F\u00f8r&amp;Nu\" width=\"525\" height=\"295\" src=\"https:\/\/www.youtube.com\/embed\/Z7BzUbJ7yX8?feature=oembed\" frameborder=\"0\" allow=\"accelerometer; autoplay; clipboard-write; encrypted-media; gyroscope; picture-in-picture; web-share\" referrerpolicy=\"strict-origin-when-cross-origin\" allowfullscreen><\/iframe>\n<\/div><\/figure>\n\n\n\n<p><strong>Tilbage p\u00e5 de samme sm\u00e5 klippesk\u00e6r efter 39 \u00e5r<\/strong>. Jeg vil finde nogle af de samme steder som Ulla og jeg bes\u00f8gte i 1978 i sejlb\u00e5d. Det var kun muligt, fordi Ulla havde skrevet udf\u00f8rlig logbog, og jeg havde taget mange billeder. Her Persholmen ved Alv\u00f8, nord for Hunnebostrand. Det var lidt af en opgave at finde frem til lige der, hvor vi havde ligget. Men en herlig opgave, samtidig med at v\u00e6re p\u00e5 tur. Jeg finder alle 3 steder, jeg havde valgt ud i det omr\u00e5de jeg bes\u00f8gte.<\/p>\n\n\n\n<p class=\"has-text-align-center\"><strong>Original GPS spor<\/strong><\/p>\n\n\n\n<div class=\"wp-block-image\"><figure class=\"aligncenter size-full is-resized\"><a href=\"https:\/\/havkajaknatur.dk\/wp-content\/uploads\/2018\/10\/Fja\u0308llbacka-GPS-spor.jpg\"><img loading=\"lazy\" decoding=\"async\" src=\"https:\/\/havkajaknatur.dk\/wp-content\/uploads\/2018\/10\/Fja\u0308llbacka-GPS-spor.jpg\" alt=\"\" class=\"wp-image-1385\" width=\"795\" height=\"1838\" srcset=\"https:\/\/havkajaknatur.dk\/wp-content\/uploads\/2018\/10\/Fja\u0308llbacka-GPS-spor.jpg 795w, https:\/\/havkajaknatur.dk\/wp-content\/uploads\/2018\/10\/Fja\u0308llbacka-GPS-spor-130x300.jpg 130w, https:\/\/havkajaknatur.dk\/wp-content\/uploads\/2018\/10\/Fja\u0308llbacka-GPS-spor-768x1776.jpg 768w, https:\/\/havkajaknatur.dk\/wp-content\/uploads\/2018\/10\/Fja\u0308llbacka-GPS-spor-443x1024.jpg 443w\" sizes=\"auto, (max-width: 706px) 89vw, (max-width: 767px) 82vw, 740px\" \/><\/a><figcaption><strong>Fj\u00e4llbacka Originalt GPS spor<\/strong><\/figcaption><\/figure><\/div>\n","protected":false},"excerpt":{"rendered":"<p>L\u00e4ngesk\u00e4r Fj\u00e4llbacka sk\u00e6rg\u00e5rden den 21. til den 25. september.\u00a0Turen gik\u00a0op lige nord for Havstenssund og ned lige nord for Sm\u00f8gen. Det var en noget kold tur, men med rolige vindforhold. Men jeg havde det hele for mig selv, ingen kajakker og heller ikke mange b\u00e5de. Fj\u00e4llbacka sk\u00e6rg\u00e5rdens mystiske huller p\u00e5 L\u00e4ngesk\u00e4r.&nbsp;Se videoen med lyd&nbsp;\ud83d\ude00 Tilbage &hellip; <\/p>\n<p class=\"link-more\"><a href=\"https:\/\/havkajaknatur.dk\/?page_id=2033\" class=\"more-link\">L\u00e6s videre<span class=\"screen-reader-text\"> &#8220;2017 Fj\u00e4llbacka Sk\u00e6rg\u00e5rden&#8221;<\/span><\/a><\/p>\n","protected":false},"author":1,"featured_media":4152,"parent":0,"menu_order":0,"comment_status":"closed","ping_status":"closed","template":"","meta":{"footnotes":""},"class_list":["post-2033","page","type-page","status-publish","has-post-thumbnail","hentry"],"_links":{"self":[{"href":"https:\/\/havkajaknatur.dk\/index.php?rest_route=\/wp\/v2\/pages\/2033","targetHints":{"allow":["GET"]}}],"collection":[{"href":"https:\/\/havkajaknatur.dk\/index.php?rest_route=\/wp\/v2\/pages"}],"about":[{"href":"https:\/\/havkajaknatur.dk\/index.php?rest_route=\/wp\/v2\/types\/page"}],"author":[{"embeddable":true,"href":"https:\/\/havkajaknatur.dk\/index.php?rest_route=\/wp\/v2\/users\/1"}],"replies":[{"embeddable":true,"href":"https:\/\/havkajaknatur.dk\/index.php?rest_route=%2Fwp%2Fv2%2Fcomments&post=2033"}],"version-history":[{"count":23,"href":"https:\/\/havkajaknatur.dk\/index.php?rest_route=\/wp\/v2\/pages\/2033\/revisions"}],"predecessor-version":[{"id":4518,"href":"https:\/\/havkajaknatur.dk\/index.php?rest_route=\/wp\/v2\/pages\/2033\/revisions\/4518"}],"wp:featuredmedia":[{"embeddable":true,"href":"https:\/\/havkajaknatur.dk\/index.php?rest_route=\/wp\/v2\/media\/4152"}],"wp:attachment":[{"href":"https:\/\/havkajaknatur.dk\/index.php?rest_route=%2Fwp%2Fv2%2Fmedia&parent=2033"}],"curies":[{"name":"wp","href":"https:\/\/api.w.org\/{rel}","templated":true}]}}