{"id":2031,"date":"2019-01-14T14:40:13","date_gmt":"2019-01-14T14:40:13","guid":{"rendered":"http:\/\/havkajaknatur.dk\/?page_id=2031"},"modified":"2021-12-14T19:52:47","modified_gmt":"2021-12-14T19:52:47","slug":"fyns-hoved-rundt","status":"publish","type":"page","link":"https:\/\/havkajaknatur.dk\/?page_id=2031","title":{"rendered":"2017 Fyns Hoved Rundt"},"content":{"rendered":"\n<p class=\"has-text-align-right has-small-font-size\">Fyns Hoved set fra Lang\u00f8<\/p>\n\n\n\n<p>Fyns Hoved Rundt\u00a0den 31.7. til den 2.8.\u00a0 En langt bedre tur end forventet. Turen kunne godt g\u00f8res med 1 overnatning, men jeg brugte lidt tid ved overnatningsstederne. Begge steder havde jeg det helt for mig selv. Det var ikke primitive teltpladser, s\u00e5 man kan ikke bruge stederne som en gruppe.\u00a0Kysten ud mod Storeb\u00e6lt og rundt Fyns Hoved er meget afvekslende og smuk. Jeg startede i Kerteminde Fjorden, her blev kajak og grej l\u00e6sset af. Herefter k\u00f8rte jeg bilen til Bregn\u00f8r Fiskerleje, som var slutsted for kajakturen, og gik de ca. 4 km tilbage til kajakken. Nu var logistikken p\u00e5 plads, og turen kunne starte.<\/p>\n\n\n\n<figure class=\"wp-block-gallery columns-1 is-cropped wp-block-gallery-1 is-layout-flex wp-block-gallery-is-layout-flex\"><ul class=\"blocks-gallery-grid\"><li class=\"blocks-gallery-item\"><figure><a href=\"https:\/\/havkajaknatur.dk\/wp-content\/uploads\/2018\/10\/Fyns-Hoved-kort.jpg\"><img loading=\"lazy\" decoding=\"async\" width=\"1228\" height=\"1415\" src=\"https:\/\/havkajaknatur.dk\/wp-content\/uploads\/2018\/10\/Fyns-Hoved-kort.jpg\" alt=\"\" data-id=\"550\" data-link=\"https:\/\/havkajaknatur.dk\/?attachment_id=550\" class=\"wp-image-550\" srcset=\"https:\/\/havkajaknatur.dk\/wp-content\/uploads\/2018\/10\/Fyns-Hoved-kort.jpg 1228w, https:\/\/havkajaknatur.dk\/wp-content\/uploads\/2018\/10\/Fyns-Hoved-kort-260x300.jpg 260w, https:\/\/havkajaknatur.dk\/wp-content\/uploads\/2018\/10\/Fyns-Hoved-kort-768x885.jpg 768w, https:\/\/havkajaknatur.dk\/wp-content\/uploads\/2018\/10\/Fyns-Hoved-kort-889x1024.jpg 889w\" sizes=\"auto, (max-width: 706px) 89vw, (max-width: 767px) 82vw, 740px\" \/><\/a><figcaption class=\"blocks-gallery-item__caption\">Originalt GPS spor<\/figcaption><\/figure><\/li><li class=\"blocks-gallery-item\"><figure><a href=\"https:\/\/havkajaknatur.dk\/wp-content\/uploads\/2018\/10\/EM110000c.jpg\"><img loading=\"lazy\" decoding=\"async\" width=\"4873\" height=\"3819\" src=\"https:\/\/havkajaknatur.dk\/wp-content\/uploads\/2018\/10\/EM110000c.jpg\" alt=\"\" data-id=\"542\" data-link=\"https:\/\/havkajaknatur.dk\/?attachment_id=542\" class=\"wp-image-542\" srcset=\"https:\/\/havkajaknatur.dk\/wp-content\/uploads\/2018\/10\/EM110000c.jpg 4873w, https:\/\/havkajaknatur.dk\/wp-content\/uploads\/2018\/10\/EM110000c-300x235.jpg 300w, https:\/\/havkajaknatur.dk\/wp-content\/uploads\/2018\/10\/EM110000c-768x602.jpg 768w, https:\/\/havkajaknatur.dk\/wp-content\/uploads\/2018\/10\/EM110000c-1024x803.jpg 1024w\" sizes=\"auto, (max-width: 706px) 89vw, (max-width: 767px) 82vw, 740px\" \/><\/a><figcaption class=\"blocks-gallery-item__caption\">Ladbyskibet kopi<\/figcaption><\/figure><\/li><li class=\"blocks-gallery-item\"><figure><a href=\"https:\/\/havkajaknatur.dk\/wp-content\/uploads\/2018\/10\/EM110001.jpg\"><img loading=\"lazy\" decoding=\"async\" width=\"4475\" height=\"3279\" src=\"https:\/\/havkajaknatur.dk\/wp-content\/uploads\/2018\/10\/EM110001.jpg\" alt=\"\" data-id=\"543\" data-link=\"https:\/\/havkajaknatur.dk\/?attachment_id=543\" class=\"wp-image-543\" srcset=\"https:\/\/havkajaknatur.dk\/wp-content\/uploads\/2018\/10\/EM110001.jpg 4475w, https:\/\/havkajaknatur.dk\/wp-content\/uploads\/2018\/10\/EM110001-300x220.jpg 300w, https:\/\/havkajaknatur.dk\/wp-content\/uploads\/2018\/10\/EM110001-768x563.jpg 768w, https:\/\/havkajaknatur.dk\/wp-content\/uploads\/2018\/10\/EM110001-1024x750.jpg 1024w\" sizes=\"auto, (max-width: 706px) 89vw, (max-width: 767px) 82vw, 740px\" \/><\/a><figcaption class=\"blocks-gallery-item__caption\">Strand ud mod Store B\u00e6lt<\/figcaption><\/figure><\/li><li class=\"blocks-gallery-item\"><figure><a href=\"https:\/\/havkajaknatur.dk\/wp-content\/uploads\/2018\/10\/EM110024.jpg\"><img loading=\"lazy\" decoding=\"async\" width=\"4549\" height=\"2990\" src=\"https:\/\/havkajaknatur.dk\/wp-content\/uploads\/2018\/10\/EM110024.jpg\" alt=\"\" data-id=\"545\" data-link=\"https:\/\/havkajaknatur.dk\/?attachment_id=545\" class=\"wp-image-545\" srcset=\"https:\/\/havkajaknatur.dk\/wp-content\/uploads\/2018\/10\/EM110024.jpg 4549w, https:\/\/havkajaknatur.dk\/wp-content\/uploads\/2018\/10\/EM110024-300x197.jpg 300w, https:\/\/havkajaknatur.dk\/wp-content\/uploads\/2018\/10\/EM110024-768x505.jpg 768w, https:\/\/havkajaknatur.dk\/wp-content\/uploads\/2018\/10\/EM110024-1024x673.jpg 1024w\" sizes=\"auto, (max-width: 706px) 89vw, (max-width: 767px) 82vw, 740px\" \/><\/a><\/figure><\/li><li class=\"blocks-gallery-item\"><figure><a href=\"https:\/\/havkajaknatur.dk\/wp-content\/uploads\/2018\/10\/EM110026a.jpg\"><img loading=\"lazy\" decoding=\"async\" width=\"4431\" height=\"3607\" src=\"https:\/\/havkajaknatur.dk\/wp-content\/uploads\/2018\/10\/EM110026a.jpg\" alt=\"\" data-id=\"546\" data-link=\"https:\/\/havkajaknatur.dk\/?attachment_id=546\" class=\"wp-image-546\" srcset=\"https:\/\/havkajaknatur.dk\/wp-content\/uploads\/2018\/10\/EM110026a.jpg 4431w, https:\/\/havkajaknatur.dk\/wp-content\/uploads\/2018\/10\/EM110026a-300x244.jpg 300w, https:\/\/havkajaknatur.dk\/wp-content\/uploads\/2018\/10\/EM110026a-768x625.jpg 768w, https:\/\/havkajaknatur.dk\/wp-content\/uploads\/2018\/10\/EM110026a-1024x834.jpg 1024w\" sizes=\"auto, (max-width: 706px) 89vw, (max-width: 767px) 82vw, 740px\" \/><\/a><figcaption class=\"blocks-gallery-item__caption\">Solopgang<\/figcaption><\/figure><\/li><li class=\"blocks-gallery-item\"><figure><a href=\"https:\/\/havkajaknatur.dk\/wp-content\/uploads\/2018\/10\/EM110069.jpg\"><img loading=\"lazy\" decoding=\"async\" width=\"4575\" height=\"3413\" src=\"https:\/\/havkajaknatur.dk\/wp-content\/uploads\/2018\/10\/EM110069.jpg\" alt=\"\" data-id=\"548\" data-link=\"https:\/\/havkajaknatur.dk\/?attachment_id=548\" class=\"wp-image-548\" srcset=\"https:\/\/havkajaknatur.dk\/wp-content\/uploads\/2018\/10\/EM110069.jpg 4575w, https:\/\/havkajaknatur.dk\/wp-content\/uploads\/2018\/10\/EM110069-300x224.jpg 300w, https:\/\/havkajaknatur.dk\/wp-content\/uploads\/2018\/10\/EM110069-768x573.jpg 768w, https:\/\/havkajaknatur.dk\/wp-content\/uploads\/2018\/10\/EM110069-1024x764.jpg 1024w\" sizes=\"auto, (max-width: 706px) 89vw, (max-width: 767px) 82vw, 740px\" \/><\/a><figcaption class=\"blocks-gallery-item__caption\">Fyns Hoved set fra Lang\u00f8<\/figcaption><\/figure><\/li><li class=\"blocks-gallery-item\"><figure><a href=\"https:\/\/havkajaknatur.dk\/wp-content\/uploads\/2018\/10\/EM110058.jpg\"><img loading=\"lazy\" decoding=\"async\" width=\"4608\" height=\"3456\" src=\"https:\/\/havkajaknatur.dk\/wp-content\/uploads\/2018\/10\/EM110058.jpg\" alt=\"\" data-id=\"547\" data-link=\"https:\/\/havkajaknatur.dk\/?attachment_id=547\" class=\"wp-image-547\" srcset=\"https:\/\/havkajaknatur.dk\/wp-content\/uploads\/2018\/10\/EM110058.jpg 4608w, https:\/\/havkajaknatur.dk\/wp-content\/uploads\/2018\/10\/EM110058-300x225.jpg 300w, https:\/\/havkajaknatur.dk\/wp-content\/uploads\/2018\/10\/EM110058-768x576.jpg 768w, https:\/\/havkajaknatur.dk\/wp-content\/uploads\/2018\/10\/EM110058-1024x768.jpg 1024w\" sizes=\"auto, (max-width: 706px) 89vw, (max-width: 767px) 82vw, 740px\" \/><\/a><figcaption class=\"blocks-gallery-item__caption\">Lang\u00f8<\/figcaption><\/figure><\/li><li class=\"blocks-gallery-item\"><figure><a href=\"https:\/\/havkajaknatur.dk\/wp-content\/uploads\/2018\/10\/EM110074.jpg\"><img loading=\"lazy\" decoding=\"async\" width=\"4585\" height=\"3427\" src=\"https:\/\/havkajaknatur.dk\/wp-content\/uploads\/2018\/10\/EM110074.jpg\" alt=\"\" data-id=\"549\" data-link=\"https:\/\/havkajaknatur.dk\/?attachment_id=549\" class=\"wp-image-549\" srcset=\"https:\/\/havkajaknatur.dk\/wp-content\/uploads\/2018\/10\/EM110074.jpg 4585w, https:\/\/havkajaknatur.dk\/wp-content\/uploads\/2018\/10\/EM110074-300x224.jpg 300w, https:\/\/havkajaknatur.dk\/wp-content\/uploads\/2018\/10\/EM110074-768x574.jpg 768w, https:\/\/havkajaknatur.dk\/wp-content\/uploads\/2018\/10\/EM110074-1024x765.jpg 1024w\" sizes=\"auto, (max-width: 706px) 89vw, (max-width: 767px) 82vw, 740px\" \/><\/a><\/figure><\/li><li class=\"blocks-gallery-item\"><figure><a href=\"https:\/\/havkajaknatur.dk\/wp-content\/uploads\/2018\/10\/EM110019.jpg\"><img loading=\"lazy\" decoding=\"async\" width=\"4541\" height=\"3367\" src=\"https:\/\/havkajaknatur.dk\/wp-content\/uploads\/2018\/10\/EM110019.jpg\" alt=\"\" data-id=\"544\" data-link=\"https:\/\/havkajaknatur.dk\/?attachment_id=544\" class=\"wp-image-544\" srcset=\"https:\/\/havkajaknatur.dk\/wp-content\/uploads\/2018\/10\/EM110019.jpg 4541w, https:\/\/havkajaknatur.dk\/wp-content\/uploads\/2018\/10\/EM110019-300x222.jpg 300w, https:\/\/havkajaknatur.dk\/wp-content\/uploads\/2018\/10\/EM110019-768x569.jpg 768w, https:\/\/havkajaknatur.dk\/wp-content\/uploads\/2018\/10\/EM110019-1024x759.jpg 1024w\" sizes=\"auto, (max-width: 706px) 89vw, (max-width: 767px) 82vw, 740px\" \/><\/a><\/figure><\/li><\/ul><\/figure>\n","protected":false},"excerpt":{"rendered":"<p>Fyns Hoved set fra Lang\u00f8 Fyns Hoved Rundt\u00a0den 31.7. til den 2.8.\u00a0 En langt bedre tur end forventet. Turen kunne godt g\u00f8res med 1 overnatning, men jeg brugte lidt tid ved overnatningsstederne. Begge steder havde jeg det helt for mig selv. Det var ikke primitive teltpladser, s\u00e5 man kan ikke bruge stederne som en gruppe.\u00a0Kysten &hellip; <\/p>\n<p class=\"link-more\"><a href=\"https:\/\/havkajaknatur.dk\/?page_id=2031\" class=\"more-link\">L\u00e6s videre<span class=\"screen-reader-text\"> &#8220;2017 Fyns Hoved Rundt&#8221;<\/span><\/a><\/p>\n","protected":false},"author":1,"featured_media":2748,"parent":0,"menu_order":0,"comment_status":"closed","ping_status":"closed","template":"","meta":{"footnotes":""},"class_list":["post-2031","page","type-page","status-publish","has-post-thumbnail","hentry"],"_links":{"self":[{"href":"https:\/\/havkajaknatur.dk\/index.php?rest_route=\/wp\/v2\/pages\/2031","targetHints":{"allow":["GET"]}}],"collection":[{"href":"https:\/\/havkajaknatur.dk\/index.php?rest_route=\/wp\/v2\/pages"}],"about":[{"href":"https:\/\/havkajaknatur.dk\/index.php?rest_route=\/wp\/v2\/types\/page"}],"author":[{"embeddable":true,"href":"https:\/\/havkajaknatur.dk\/index.php?rest_route=\/wp\/v2\/users\/1"}],"replies":[{"embeddable":true,"href":"https:\/\/havkajaknatur.dk\/index.php?rest_route=%2Fwp%2Fv2%2Fcomments&post=2031"}],"version-history":[{"count":9,"href":"https:\/\/havkajaknatur.dk\/index.php?rest_route=\/wp\/v2\/pages\/2031\/revisions"}],"predecessor-version":[{"id":4514,"href":"https:\/\/havkajaknatur.dk\/index.php?rest_route=\/wp\/v2\/pages\/2031\/revisions\/4514"}],"wp:featuredmedia":[{"embeddable":true,"href":"https:\/\/havkajaknatur.dk\/index.php?rest_route=\/wp\/v2\/media\/2748"}],"wp:attachment":[{"href":"https:\/\/havkajaknatur.dk\/index.php?rest_route=%2Fwp%2Fv2%2Fmedia&parent=2031"}],"curies":[{"name":"wp","href":"https:\/\/api.w.org\/{rel}","templated":true}]}}