{"id":2029,"date":"2019-01-14T14:40:13","date_gmt":"2019-01-14T14:40:13","guid":{"rendered":"http:\/\/havkajaknatur.dk\/?page_id=2029"},"modified":"2021-12-15T21:05:30","modified_gmt":"2021-12-15T21:05:30","slug":"sejeroe-rundt","status":"publish","type":"page","link":"https:\/\/havkajaknatur.dk\/?page_id=2029","title":{"rendered":"2017 Sejer\u00f8 Rundt"},"content":{"rendered":"\n<p class=\"has-text-align-right has-small-font-size\">Solnedgang p\u00e5 Sejer\u00f8s nordspids<\/p>\n\n\n\n<p>Sejer\u00f8 Rundt den 18.-19. juni.&nbsp;En rigtig god tur n\u00e5r vejret er til det. Det er ved at blive en \u00e5rlig begivenhed. Overnatning oppe p\u00e5 nordspidsen ved fyret. Det er ikke en officiel overnatnings plads. Deltagere: J\u00f8rgen og mig selv.<\/p>\n\n\n\n<figure class=\"wp-block-embed is-type-video is-provider-youtube wp-block-embed-youtube wp-embed-aspect-16-9 wp-has-aspect-ratio\"><div class=\"wp-block-embed__wrapper\">\n<iframe loading=\"lazy\" title=\"Kayak, Sejer\u00f8 Rundt\" width=\"525\" height=\"295\" src=\"https:\/\/www.youtube.com\/embed\/JO_nhwzp5eA?feature=oembed\" frameborder=\"0\" allow=\"accelerometer; autoplay; clipboard-write; encrypted-media; gyroscope; picture-in-picture; web-share\" referrerpolicy=\"strict-origin-when-cross-origin\" allowfullscreen><\/iframe>\n<\/div><\/figure>\n\n\n\n<div class=\"wp-block-image is-style-default\"><figure class=\"aligncenter size-full\"><a href=\"https:\/\/havkajaknatur.dk\/wp-content\/uploads\/2021\/12\/17SejeroeKort.jpeg\"><img loading=\"lazy\" decoding=\"async\" width=\"863\" height=\"951\" src=\"https:\/\/havkajaknatur.dk\/wp-content\/uploads\/2021\/12\/17SejeroeKort.jpeg\" alt=\"\" class=\"wp-image-4510\" srcset=\"https:\/\/havkajaknatur.dk\/wp-content\/uploads\/2021\/12\/17SejeroeKort.jpeg 863w, https:\/\/havkajaknatur.dk\/wp-content\/uploads\/2021\/12\/17SejeroeKort-272x300.jpeg 272w, https:\/\/havkajaknatur.dk\/wp-content\/uploads\/2021\/12\/17SejeroeKort-768x846.jpeg 768w\" sizes=\"auto, (max-width: 706px) 89vw, (max-width: 767px) 82vw, 740px\" \/><\/a><figcaption><strong>Originalt GPS spor<\/strong><\/figcaption><\/figure><\/div>\n","protected":false},"excerpt":{"rendered":"<p>Solnedgang p\u00e5 Sejer\u00f8s nordspids Sejer\u00f8 Rundt den 18.-19. juni.&nbsp;En rigtig god tur n\u00e5r vejret er til det. Det er ved at blive en \u00e5rlig begivenhed. Overnatning oppe p\u00e5 nordspidsen ved fyret. Det er ikke en officiel overnatnings plads. Deltagere: J\u00f8rgen og mig selv.<\/p>\n","protected":false},"author":1,"featured_media":2745,"parent":0,"menu_order":0,"comment_status":"closed","ping_status":"closed","template":"","meta":{"footnotes":""},"class_list":["post-2029","page","type-page","status-publish","has-post-thumbnail","hentry"],"_links":{"self":[{"href":"https:\/\/havkajaknatur.dk\/index.php?rest_route=\/wp\/v2\/pages\/2029","targetHints":{"allow":["GET"]}}],"collection":[{"href":"https:\/\/havkajaknatur.dk\/index.php?rest_route=\/wp\/v2\/pages"}],"about":[{"href":"https:\/\/havkajaknatur.dk\/index.php?rest_route=\/wp\/v2\/types\/page"}],"author":[{"embeddable":true,"href":"https:\/\/havkajaknatur.dk\/index.php?rest_route=\/wp\/v2\/users\/1"}],"replies":[{"embeddable":true,"href":"https:\/\/havkajaknatur.dk\/index.php?rest_route=%2Fwp%2Fv2%2Fcomments&post=2029"}],"version-history":[{"count":12,"href":"https:\/\/havkajaknatur.dk\/index.php?rest_route=\/wp\/v2\/pages\/2029\/revisions"}],"predecessor-version":[{"id":4538,"href":"https:\/\/havkajaknatur.dk\/index.php?rest_route=\/wp\/v2\/pages\/2029\/revisions\/4538"}],"wp:featuredmedia":[{"embeddable":true,"href":"https:\/\/havkajaknatur.dk\/index.php?rest_route=\/wp\/v2\/media\/2745"}],"wp:attachment":[{"href":"https:\/\/havkajaknatur.dk\/index.php?rest_route=%2Fwp%2Fv2%2Fmedia&parent=2029"}],"curies":[{"name":"wp","href":"https:\/\/api.w.org\/{rel}","templated":true}]}}