{"id":2028,"date":"2019-01-14T14:40:13","date_gmt":"2019-01-14T14:40:13","guid":{"rendered":"http:\/\/havkajaknatur.dk\/?page_id=2028"},"modified":"2021-12-14T19:44:16","modified_gmt":"2021-12-14T19:44:16","slug":"lynaes-odden-havn-retur","status":"publish","type":"page","link":"https:\/\/havkajaknatur.dk\/?page_id=2028","title":{"rendered":"2017 Lyn\u00e6s &#8211; Odden havn"},"content":{"rendered":"\n<p class=\"has-text-align-right has-small-font-size\">Sj. Odde<\/p>\n\n\n\n<p>Lyn\u00e6s &#8211; Odden Fiskerihavn retur\u00a0den 14. &#8211; 15. maj ved nordvest Sj\u00e6llands Kattegat kyst med stille vejr. Meget varieret og rigtig mange steder uspoleret kyststr\u00e6kning. Ikke som ved nord\u00f8st Sj\u00e6llands kyst, med kystsikring, trapper og terrasser p\u00e5 de ellers smukke skr\u00e6nter.\u00a0Overnatning ved Ebbel\u00f8kke, et stille sted bortset fra bukken med sit m\u00e6rkelige br\u00f8l, da jeg n\u00e6sten var faldet i s\u00f8vn og s\u00e5 m\u00e5tte begynde forfra. Men de stod fint til fotografering inden sengetid ligesom fiskehejren. 77 dejlige km sidder i kroppen, formen er der til \u00e5rets n\u00e6ste ture.<\/p>\n\n\n\n<figure class=\"wp-block-gallery columns-1 is-cropped wp-block-gallery-1 is-layout-flex wp-block-gallery-is-layout-flex\"><ul class=\"blocks-gallery-grid\"><li class=\"blocks-gallery-item\"><figure><a href=\"https:\/\/havkajaknatur.dk\/wp-content\/uploads\/2018\/10\/17OddenGPS-kort.jpg\"><img loading=\"lazy\" decoding=\"async\" width=\"1368\" height=\"643\" src=\"https:\/\/havkajaknatur.dk\/wp-content\/uploads\/2018\/10\/17OddenGPS-kort.jpg\" alt=\"\" data-id=\"482\" data-link=\"https:\/\/havkajaknatur.dk\/?attachment_id=482\" class=\"wp-image-482\" srcset=\"https:\/\/havkajaknatur.dk\/wp-content\/uploads\/2018\/10\/17OddenGPS-kort.jpg 1368w, https:\/\/havkajaknatur.dk\/wp-content\/uploads\/2018\/10\/17OddenGPS-kort-300x141.jpg 300w, https:\/\/havkajaknatur.dk\/wp-content\/uploads\/2018\/10\/17OddenGPS-kort-768x361.jpg 768w, https:\/\/havkajaknatur.dk\/wp-content\/uploads\/2018\/10\/17OddenGPS-kort-1024x481.jpg 1024w\" sizes=\"auto, (max-width: 706px) 89vw, (max-width: 767px) 82vw, 740px\" \/><\/a><figcaption class=\"blocks-gallery-item__caption\">Originalt GPS spor<\/figcaption><\/figure><\/li><li class=\"blocks-gallery-item\"><figure><a href=\"https:\/\/havkajaknatur.dk\/wp-content\/uploads\/2018\/10\/17Odden013.jpg\"><img loading=\"lazy\" decoding=\"async\" width=\"4481\" height=\"3289\" src=\"https:\/\/havkajaknatur.dk\/wp-content\/uploads\/2018\/10\/17Odden013.jpg\" alt=\"\" data-id=\"473\" data-link=\"https:\/\/havkajaknatur.dk\/?attachment_id=473\" class=\"wp-image-473\" srcset=\"https:\/\/havkajaknatur.dk\/wp-content\/uploads\/2018\/10\/17Odden013.jpg 4481w, https:\/\/havkajaknatur.dk\/wp-content\/uploads\/2018\/10\/17Odden013-300x220.jpg 300w, https:\/\/havkajaknatur.dk\/wp-content\/uploads\/2018\/10\/17Odden013-768x564.jpg 768w, https:\/\/havkajaknatur.dk\/wp-content\/uploads\/2018\/10\/17Odden013-1024x752.jpg 1024w\" sizes=\"auto, (max-width: 706px) 89vw, (max-width: 767px) 82vw, 740px\" \/><\/a><\/figure><\/li><li class=\"blocks-gallery-item\"><figure><a href=\"https:\/\/havkajaknatur.dk\/wp-content\/uploads\/2018\/10\/17Odden052.jpg\"><img loading=\"lazy\" decoding=\"async\" width=\"4608\" height=\"3456\" src=\"https:\/\/havkajaknatur.dk\/wp-content\/uploads\/2018\/10\/17Odden052.jpg\" alt=\"\" data-id=\"478\" data-link=\"https:\/\/havkajaknatur.dk\/?attachment_id=478\" class=\"wp-image-478\" srcset=\"https:\/\/havkajaknatur.dk\/wp-content\/uploads\/2018\/10\/17Odden052.jpg 4608w, https:\/\/havkajaknatur.dk\/wp-content\/uploads\/2018\/10\/17Odden052-300x225.jpg 300w, https:\/\/havkajaknatur.dk\/wp-content\/uploads\/2018\/10\/17Odden052-768x576.jpg 768w, https:\/\/havkajaknatur.dk\/wp-content\/uploads\/2018\/10\/17Odden052-1024x768.jpg 1024w\" sizes=\"auto, (max-width: 706px) 89vw, (max-width: 767px) 82vw, 740px\" \/><\/a><figcaption class=\"blocks-gallery-item__caption\">Ebbel\u00f8kke<\/figcaption><\/figure><\/li><li class=\"blocks-gallery-item\"><figure><a href=\"https:\/\/havkajaknatur.dk\/wp-content\/uploads\/2018\/10\/17Odden058.jpg\"><img loading=\"lazy\" decoding=\"async\" width=\"4608\" height=\"3456\" src=\"https:\/\/havkajaknatur.dk\/wp-content\/uploads\/2018\/10\/17Odden058.jpg\" alt=\"\" data-id=\"481\" data-link=\"https:\/\/havkajaknatur.dk\/?attachment_id=481\" class=\"wp-image-481\" srcset=\"https:\/\/havkajaknatur.dk\/wp-content\/uploads\/2018\/10\/17Odden058.jpg 4608w, https:\/\/havkajaknatur.dk\/wp-content\/uploads\/2018\/10\/17Odden058-300x225.jpg 300w, https:\/\/havkajaknatur.dk\/wp-content\/uploads\/2018\/10\/17Odden058-768x576.jpg 768w, https:\/\/havkajaknatur.dk\/wp-content\/uploads\/2018\/10\/17Odden058-1024x768.jpg 1024w\" sizes=\"auto, (max-width: 706px) 89vw, (max-width: 767px) 82vw, 740px\" \/><\/a><\/figure><\/li><li class=\"blocks-gallery-item\"><figure><a href=\"https:\/\/havkajaknatur.dk\/wp-content\/uploads\/2018\/10\/17Odden056.jpg\"><img loading=\"lazy\" decoding=\"async\" width=\"4608\" height=\"3456\" src=\"https:\/\/havkajaknatur.dk\/wp-content\/uploads\/2018\/10\/17Odden056.jpg\" alt=\"\" data-id=\"480\" data-link=\"https:\/\/havkajaknatur.dk\/?attachment_id=480\" class=\"wp-image-480\" srcset=\"https:\/\/havkajaknatur.dk\/wp-content\/uploads\/2018\/10\/17Odden056.jpg 4608w, https:\/\/havkajaknatur.dk\/wp-content\/uploads\/2018\/10\/17Odden056-300x225.jpg 300w, https:\/\/havkajaknatur.dk\/wp-content\/uploads\/2018\/10\/17Odden056-768x576.jpg 768w, https:\/\/havkajaknatur.dk\/wp-content\/uploads\/2018\/10\/17Odden056-1024x768.jpg 1024w\" sizes=\"auto, (max-width: 706px) 89vw, (max-width: 767px) 82vw, 740px\" \/><\/a><\/figure><\/li><li class=\"blocks-gallery-item\"><figure><a href=\"https:\/\/havkajaknatur.dk\/wp-content\/uploads\/2018\/10\/17Odden043.jpg\"><img loading=\"lazy\" decoding=\"async\" width=\"4608\" height=\"3456\" src=\"https:\/\/havkajaknatur.dk\/wp-content\/uploads\/2018\/10\/17Odden043.jpg\" alt=\"\" data-id=\"476\" data-link=\"https:\/\/havkajaknatur.dk\/?attachment_id=476\" class=\"wp-image-476\" srcset=\"https:\/\/havkajaknatur.dk\/wp-content\/uploads\/2018\/10\/17Odden043.jpg 4608w, https:\/\/havkajaknatur.dk\/wp-content\/uploads\/2018\/10\/17Odden043-300x225.jpg 300w, https:\/\/havkajaknatur.dk\/wp-content\/uploads\/2018\/10\/17Odden043-768x576.jpg 768w, https:\/\/havkajaknatur.dk\/wp-content\/uploads\/2018\/10\/17Odden043-1024x768.jpg 1024w\" sizes=\"auto, (max-width: 706px) 89vw, (max-width: 767px) 82vw, 740px\" \/><\/a><\/figure><\/li><li class=\"blocks-gallery-item\"><figure><a href=\"https:\/\/havkajaknatur.dk\/wp-content\/uploads\/2018\/10\/17Odden053.jpg\"><img loading=\"lazy\" decoding=\"async\" width=\"4608\" height=\"3456\" src=\"https:\/\/havkajaknatur.dk\/wp-content\/uploads\/2018\/10\/17Odden053.jpg\" alt=\"\" data-id=\"479\" data-link=\"https:\/\/havkajaknatur.dk\/?attachment_id=479\" class=\"wp-image-479\" srcset=\"https:\/\/havkajaknatur.dk\/wp-content\/uploads\/2018\/10\/17Odden053.jpg 4608w, https:\/\/havkajaknatur.dk\/wp-content\/uploads\/2018\/10\/17Odden053-300x225.jpg 300w, https:\/\/havkajaknatur.dk\/wp-content\/uploads\/2018\/10\/17Odden053-768x576.jpg 768w, https:\/\/havkajaknatur.dk\/wp-content\/uploads\/2018\/10\/17Odden053-1024x768.jpg 1024w\" sizes=\"auto, (max-width: 706px) 89vw, (max-width: 767px) 82vw, 740px\" \/><\/a><\/figure><\/li><li class=\"blocks-gallery-item\"><figure><a href=\"https:\/\/havkajaknatur.dk\/wp-content\/uploads\/2018\/10\/17Odden025.jpg\"><img loading=\"lazy\" decoding=\"async\" width=\"4608\" height=\"3456\" src=\"https:\/\/havkajaknatur.dk\/wp-content\/uploads\/2018\/10\/17Odden025.jpg\" alt=\"\" data-id=\"474\" data-link=\"https:\/\/havkajaknatur.dk\/?attachment_id=474\" class=\"wp-image-474\" srcset=\"https:\/\/havkajaknatur.dk\/wp-content\/uploads\/2018\/10\/17Odden025.jpg 4608w, https:\/\/havkajaknatur.dk\/wp-content\/uploads\/2018\/10\/17Odden025-300x225.jpg 300w, https:\/\/havkajaknatur.dk\/wp-content\/uploads\/2018\/10\/17Odden025-768x576.jpg 768w, https:\/\/havkajaknatur.dk\/wp-content\/uploads\/2018\/10\/17Odden025-1024x768.jpg 1024w\" sizes=\"auto, (max-width: 706px) 89vw, (max-width: 767px) 82vw, 740px\" \/><\/a><\/figure><\/li><li class=\"blocks-gallery-item\"><figure><a href=\"https:\/\/havkajaknatur.dk\/wp-content\/uploads\/2018\/10\/17Odden047.jpg\"><img loading=\"lazy\" decoding=\"async\" width=\"4489\" height=\"3073\" src=\"https:\/\/havkajaknatur.dk\/wp-content\/uploads\/2018\/10\/17Odden047.jpg\" alt=\"\" data-id=\"477\" data-link=\"https:\/\/havkajaknatur.dk\/?attachment_id=477\" class=\"wp-image-477\" srcset=\"https:\/\/havkajaknatur.dk\/wp-content\/uploads\/2018\/10\/17Odden047.jpg 4489w, https:\/\/havkajaknatur.dk\/wp-content\/uploads\/2018\/10\/17Odden047-300x205.jpg 300w, https:\/\/havkajaknatur.dk\/wp-content\/uploads\/2018\/10\/17Odden047-768x526.jpg 768w, https:\/\/havkajaknatur.dk\/wp-content\/uploads\/2018\/10\/17Odden047-1024x701.jpg 1024w\" sizes=\"auto, (max-width: 706px) 89vw, (max-width: 767px) 82vw, 740px\" \/><\/a><\/figure><\/li><li class=\"blocks-gallery-item\"><figure><a href=\"https:\/\/havkajaknatur.dk\/wp-content\/uploads\/2018\/10\/17Odden039a.jpg\"><img loading=\"lazy\" decoding=\"async\" width=\"4491\" height=\"3303\" src=\"https:\/\/havkajaknatur.dk\/wp-content\/uploads\/2018\/10\/17Odden039a.jpg\" alt=\"\" data-id=\"475\" data-link=\"https:\/\/havkajaknatur.dk\/?attachment_id=475\" class=\"wp-image-475\" srcset=\"https:\/\/havkajaknatur.dk\/wp-content\/uploads\/2018\/10\/17Odden039a.jpg 4491w, https:\/\/havkajaknatur.dk\/wp-content\/uploads\/2018\/10\/17Odden039a-300x221.jpg 300w, https:\/\/havkajaknatur.dk\/wp-content\/uploads\/2018\/10\/17Odden039a-768x565.jpg 768w, https:\/\/havkajaknatur.dk\/wp-content\/uploads\/2018\/10\/17Odden039a-1024x753.jpg 1024w\" sizes=\"auto, (max-width: 706px) 89vw, (max-width: 767px) 82vw, 740px\" \/><\/a><figcaption class=\"blocks-gallery-item__caption\">Ebbel\u00f8kke<\/figcaption><\/figure><\/li><\/ul><\/figure>\n","protected":false},"excerpt":{"rendered":"<p>Sj. Odde Lyn\u00e6s &#8211; Odden Fiskerihavn retur\u00a0den 14. &#8211; 15. maj ved nordvest Sj\u00e6llands Kattegat kyst med stille vejr. Meget varieret og rigtig mange steder uspoleret kyststr\u00e6kning. Ikke som ved nord\u00f8st Sj\u00e6llands kyst, med kystsikring, trapper og terrasser p\u00e5 de ellers smukke skr\u00e6nter.\u00a0Overnatning ved Ebbel\u00f8kke, et stille sted bortset fra bukken med sit m\u00e6rkelige br\u00f8l, &hellip; <\/p>\n<p class=\"link-more\"><a href=\"https:\/\/havkajaknatur.dk\/?page_id=2028\" class=\"more-link\">L\u00e6s videre<span class=\"screen-reader-text\"> &#8220;2017 Lyn\u00e6s &#8211; Odden havn&#8221;<\/span><\/a><\/p>\n","protected":false},"author":1,"featured_media":2743,"parent":0,"menu_order":0,"comment_status":"closed","ping_status":"closed","template":"","meta":{"footnotes":""},"class_list":["post-2028","page","type-page","status-publish","has-post-thumbnail","hentry"],"_links":{"self":[{"href":"https:\/\/havkajaknatur.dk\/index.php?rest_route=\/wp\/v2\/pages\/2028","targetHints":{"allow":["GET"]}}],"collection":[{"href":"https:\/\/havkajaknatur.dk\/index.php?rest_route=\/wp\/v2\/pages"}],"about":[{"href":"https:\/\/havkajaknatur.dk\/index.php?rest_route=\/wp\/v2\/types\/page"}],"author":[{"embeddable":true,"href":"https:\/\/havkajaknatur.dk\/index.php?rest_route=\/wp\/v2\/users\/1"}],"replies":[{"embeddable":true,"href":"https:\/\/havkajaknatur.dk\/index.php?rest_route=%2Fwp%2Fv2%2Fcomments&post=2028"}],"version-history":[{"count":11,"href":"https:\/\/havkajaknatur.dk\/index.php?rest_route=\/wp\/v2\/pages\/2028\/revisions"}],"predecessor-version":[{"id":4509,"href":"https:\/\/havkajaknatur.dk\/index.php?rest_route=\/wp\/v2\/pages\/2028\/revisions\/4509"}],"wp:featuredmedia":[{"embeddable":true,"href":"https:\/\/havkajaknatur.dk\/index.php?rest_route=\/wp\/v2\/media\/2743"}],"wp:attachment":[{"href":"https:\/\/havkajaknatur.dk\/index.php?rest_route=%2Fwp%2Fv2%2Fmedia&parent=2028"}],"curies":[{"name":"wp","href":"https:\/\/api.w.org\/{rel}","templated":true}]}}